CRAN Package Check Results for Package nomnoml

Last updated on 2022-01-20 05:50:29 CET.

Flavor Version Tinstall Tcheck Ttotal Status Flags
r-devel-linux-x86_64-debian-clang 0.2.3 NOTE
r-devel-linux-x86_64-debian-gcc 0.2.3 2.22 29.56 31.78 NOTE
r-devel-linux-x86_64-fedora-clang 0.2.3 50.01 NOTE
r-devel-linux-x86_64-fedora-gcc 0.2.3 38.24 NOTE
r-devel-windows-x86_64-new-UL 0.2.3 68.00 56.00 124.00 NOTE
r-devel-windows-x86_64-new-TK 0.2.3 NOTE
r-patched-linux-x86_64 0.2.3 1.63 36.19 37.82 NOTE
r-release-linux-x86_64 0.2.3 NOTE
r-release-macos-arm64 0.2.3 NOTE
r-release-macos-x86_64 0.2.3 NOTE
r-release-windows-ix86+x86_64 0.2.3 8.00 46.00 54.00 NOTE
r-oldrel-macos-x86_64 0.2.3 OK
r-oldrel-windows-ix86+x86_64 0.2.3 8.00 49.00 57.00 OK

Check Details

Version: 0.2.3
Check: LazyData
Result: NOTE
     'LazyData' is specified without a 'data' directory
Flavors: r-devel-linux-x86_64-debian-clang, r-devel-linux-x86_64-debian-gcc, r-devel-linux-x86_64-fedora-clang, r-devel-linux-x86_64-fedora-gcc, r-devel-windows-x86_64-new-UL, r-devel-windows-x86_64-new-TK, r-patched-linux-x86_64, r-release-linux-x86_64, r-release-macos-arm64, r-release-macos-x86_64, r-release-windows-ix86+x86_64