CRAN Package Check Results for Package nonet

Last updated on 2022-12-08 06:56:48 CET.

Flavor Version Tinstall Tcheck Ttotal Status Flags
r-devel-linux-x86_64-debian-clang 0.4.0 17.47 281.63 299.10 OK
r-devel-linux-x86_64-debian-gcc 0.4.0 16.45 213.93 230.38 OK
r-devel-linux-x86_64-fedora-clang 0.4.0 383.51 NOTE
r-devel-linux-x86_64-fedora-gcc 0.4.0 371.12 NOTE
r-devel-windows-x86_64 0.4.0 28.00 304.00 332.00 OK
r-patched-linux-x86_64 0.4.0 19.00 269.20 288.20 OK
r-release-linux-x86_64 0.4.0 14.15 252.28 266.43 OK
r-release-macos-arm64 0.4.0 96.00 NOTE
r-release-macos-x86_64 0.4.0 159.00 NOTE
r-release-windows-x86_64 0.4.0 25.00 303.00 328.00 OK
r-oldrel-macos-arm64 0.4.0 149.00 NOTE
r-oldrel-macos-x86_64 0.4.0 198.00 NOTE
r-oldrel-windows-ix86+x86_64 0.4.0 44.00 308.00 352.00 OK

Check Details

Version: 0.4.0
Check: dependencies in R code
Result: NOTE
    Namespaces in Imports field not imported from:
     ‘dplyr’ ‘e1071’ ‘pROC’ ‘purrr’ ‘randomForest’ ‘rlang’
     All declared Imports should be used.
Flavors: r-devel-linux-x86_64-fedora-clang, r-devel-linux-x86_64-fedora-gcc, r-release-macos-arm64, r-release-macos-x86_64, r-oldrel-macos-arm64, r-oldrel-macos-x86_64