CRAN Package Check Results for Package nsga3

Last updated on 2024-06-13 06:58:10 CEST.

Flavor Version Tinstall Tcheck Ttotal Status Flags
r-devel-linux-x86_64-debian-clang 0.0.3 13.62 104.93 118.55 OK
r-devel-linux-x86_64-debian-gcc 0.0.3 0.31 1.72 2.03 ERROR
r-devel-linux-x86_64-fedora-clang 0.0.3 149.36 NOTE
r-devel-linux-x86_64-fedora-gcc 0.0.3 141.84 NOTE
r-devel-windows-x86_64 0.0.3 10.00 90.00 100.00 OK
r-patched-linux-x86_64 0.0.3 11.60 101.70 113.30 OK
r-release-linux-x86_64 0.0.3 8.27 97.16 105.43 OK
r-release-macos-arm64 0.0.3 39.00 OK
r-release-macos-x86_64 0.0.3 113.00 OK
r-release-windows-x86_64 0.0.3 13.00 90.00 103.00 OK
r-oldrel-macos-arm64 0.0.3 70.00 OK
r-oldrel-macos-x86_64 0.0.3 82.00 OK
r-oldrel-windows-x86_64 0.0.3 14.00 79.00 93.00 OK

Check Details

Version: 0.0.3
Check: package dependencies
Result: ERROR Packages required but not available: 'mlr', 'rPref' Package suggested but not available for checking: ‘testthat’ See section ‘The DESCRIPTION file’ in the ‘Writing R Extensions’ manual. Flavor: r-devel-linux-x86_64-debian-gcc

Version: 0.0.3
Check: dependencies in R code
Result: NOTE Namespace in Imports field not imported from: ‘xgboost’ All declared Imports should be used. Flavors: r-devel-linux-x86_64-fedora-clang, r-devel-linux-x86_64-fedora-gcc