CRAN Package Check Results for Package oRus

Last updated on 2021-12-05 05:52:54 CET.

Flavor Version Tinstall Tcheck Ttotal Status Flags
r-devel-linux-x86_64-debian-clang 1.0.0 17.64 147.39 165.03 NOTE
r-devel-linux-x86_64-debian-gcc 1.0.0 13.34 112.77 126.11 NOTE
r-devel-linux-x86_64-fedora-clang 1.0.0 197.84 NOTE
r-devel-linux-x86_64-fedora-gcc 1.0.0 189.84 NOTE
r-devel-windows-x86_64-new-UL 1.0.0 26.00 163.00 189.00 NOTE
r-devel-windows-x86_64-new-TK 1.0.0 NOTE
r-devel-windows-x86_64-old 1.0.0 22.00 120.00 142.00 NOTE
r-patched-linux-x86_64 1.0.0 16.37 133.98 150.35 NOTE
r-release-linux-x86_64 1.0.0 15.64 142.29 157.93 NOTE
r-release-macos-arm64 1.0.0 NOTE
r-release-macos-x86_64 1.0.0 NOTE
r-release-windows-ix86+x86_64 1.0.0 34.00 144.00 178.00 NOTE
r-oldrel-macos-x86_64 1.0.0 NOTE
r-oldrel-windows-ix86+x86_64 1.0.0 33.00 149.00 182.00 OK

Check Details

Version: 1.0.0
Check: LazyData
Result: NOTE
     'LazyData' is specified without a 'data' directory
Flavors: r-devel-linux-x86_64-debian-clang, r-devel-linux-x86_64-debian-gcc, r-devel-linux-x86_64-fedora-clang, r-devel-linux-x86_64-fedora-gcc, r-devel-windows-x86_64-new-UL, r-devel-windows-x86_64-new-TK, r-devel-windows-x86_64-old, r-patched-linux-x86_64, r-release-linux-x86_64, r-release-macos-arm64, r-release-macos-x86_64, r-release-windows-ix86+x86_64

Version: 1.0.0
Check: dependencies in R code
Result: NOTE
    Namespaces in Imports field not imported from:
     ‘knitr’ ‘tibble’
     All declared Imports should be used.
Flavors: r-devel-linux-x86_64-fedora-clang, r-devel-linux-x86_64-fedora-gcc, r-devel-windows-x86_64-new-TK, r-release-macos-arm64, r-release-macos-x86_64, r-oldrel-macos-x86_64