CRAN Package Check Results for Package oai

Last updated on 2019-08-25 05:46:53 CEST.

Flavor Version Tinstall Tcheck Ttotal Status Flags
r-devel-linux-x86_64-debian-clang 0.2.2 3.88 30.49 34.37 OK
r-devel-linux-x86_64-debian-gcc 0.2.2 3.11 24.93 28.04 OK
r-devel-linux-x86_64-fedora-clang 0.2.2 41.77 NOTE
r-devel-linux-x86_64-fedora-gcc 0.2.2 42.51 NOTE
r-devel-windows-ix86+x86_64 0.2.2 10.00 84.00 94.00 OK
r-patched-linux-x86_64 0.2.2 3.19 30.36 33.55 OK
r-patched-solaris-x86 0.2.2 75.00 OK
r-release-linux-x86_64 0.2.2 3.11 30.52 33.63 OK
r-release-windows-ix86+x86_64 0.2.2 13.00 79.00 92.00 OK
r-release-osx-x86_64 0.2.2 OK
r-oldrel-windows-ix86+x86_64 0.2.2 11.00 77.00 88.00 OK
r-oldrel-osx-x86_64 0.2.2 OK

Check Details

Version: 0.2.2
Check: compiled code
Result: NOTE
    File ‘oai/libs/oai.so’:
     Found no calls to: ‘R_registerRoutines’, ‘R_useDynamicSymbols’
    
    It is good practice to register native routines and to disable symbol
    search.
    
    See ‘Writing portable packages’ in the ‘Writing R Extensions’ manual.
Flavors: r-devel-linux-x86_64-fedora-clang, r-devel-linux-x86_64-fedora-gcc