CRAN Package Check Results for Package obfuscatoR

Last updated on 2021-11-30 05:53:26 CET.

Flavor Version Tinstall Tcheck Ttotal Status Flags
r-devel-linux-x86_64-debian-clang 0.2.1 2.24 30.57 32.81 NOTE
r-devel-linux-x86_64-debian-gcc 0.2.1 2.28 24.46 26.74 NOTE
r-devel-linux-x86_64-fedora-clang 0.2.1 50.64 NOTE
r-devel-linux-x86_64-fedora-gcc 0.2.1 39.70 NOTE
r-devel-windows-x86_64-new-UL 0.2.1 10.00 71.00 81.00 NOTE
r-devel-windows-x86_64-new-TK 0.2.1 NOTE
r-devel-windows-x86_64-old 0.2.1 6.00 46.00 52.00 NOTE
r-patched-linux-x86_64 0.2.1 3.05 29.71 32.76 NOTE
r-patched-solaris-x86 0.2.1 59.30 NOTE
r-release-linux-x86_64 0.2.1 2.12 29.48 31.60 NOTE
r-release-macos-arm64 0.2.1 NOTE
r-release-macos-x86_64 0.2.1 NOTE
r-release-windows-ix86+x86_64 0.2.1 9.00 41.00 50.00 NOTE
r-oldrel-macos-x86_64 0.2.1 OK
r-oldrel-windows-ix86+x86_64 0.2.1 6.00 50.00 56.00 OK

Check Details

Version: 0.2.1
Check: LazyData
Result: NOTE
     'LazyData' is specified without a 'data' directory
Flavors: r-devel-linux-x86_64-debian-clang, r-devel-linux-x86_64-debian-gcc, r-devel-linux-x86_64-fedora-clang, r-devel-linux-x86_64-fedora-gcc, r-devel-windows-x86_64-new-UL, r-devel-windows-x86_64-new-TK, r-devel-windows-x86_64-old, r-patched-linux-x86_64, r-patched-solaris-x86, r-release-linux-x86_64, r-release-macos-arm64, r-release-macos-x86_64, r-release-windows-ix86+x86_64