CRAN Package Check Results for Package obliqueRSF

Last updated on 2022-08-09 05:55:48 CEST.

Flavor Version Tinstall Tcheck Ttotal Status Flags
r-devel-linux-x86_64-debian-clang 0.1.1 52.01 121.48 173.49 NOTE
r-devel-linux-x86_64-debian-gcc 0.1.1 42.09 90.37 132.46 NOTE
r-devel-linux-x86_64-fedora-clang 0.1.1 235.01 NOTE
r-devel-linux-x86_64-fedora-gcc 0.1.1 231.92 NOTE
r-devel-windows-x86_64 0.1.1 57.00 149.00 206.00 NOTE
r-patched-linux-x86_64 0.1.1 45.14 113.48 158.62 NOTE
r-release-linux-x86_64 0.1.1 NOTE
r-release-macos-arm64 0.1.1 61.00 NOTE
r-release-macos-x86_64 0.1.1 98.00 NOTE
r-release-windows-x86_64 0.1.1 53.00 153.00 206.00 NOTE
r-oldrel-macos-arm64 0.1.1 62.00 NOTE
r-oldrel-macos-x86_64 0.1.1 103.00 NOTE
r-oldrel-windows-ix86+x86_64 0.1.1 125.00 184.00 309.00 NOTE

Check Details

Version: 0.1.1
Check: LazyData
Result: NOTE
     'LazyData' is specified without a 'data' directory
Flavors: r-devel-linux-x86_64-debian-clang, r-devel-linux-x86_64-debian-gcc, r-devel-linux-x86_64-fedora-clang, r-devel-linux-x86_64-fedora-gcc, r-devel-windows-x86_64, r-patched-linux-x86_64, r-release-linux-x86_64, r-release-macos-arm64, r-release-macos-x86_64, r-release-windows-x86_64, r-oldrel-macos-arm64, r-oldrel-macos-x86_64, r-oldrel-windows-ix86+x86_64