CRAN Package Check Results for Package oc

Last updated on 2024-06-22 06:50:55 CEST.

Flavor Version Tinstall Tcheck Ttotal Status Flags
r-devel-linux-x86_64-debian-clang 1.2.1 12.08 44.06 56.14 NOTE
r-devel-linux-x86_64-debian-gcc 1.2.1 8.39 35.26 43.65 NOTE
r-devel-linux-x86_64-fedora-clang 1.2.1 73.14 NOTE
r-devel-linux-x86_64-fedora-gcc 1.2.1 81.88 NOTE
r-devel-windows-x86_64 1.2.1 10.00 73.00 83.00 NOTE
r-patched-linux-x86_64 1.2.1 9.48 44.35 53.83 NOTE
r-release-linux-x86_64 1.2.1 9.57 44.30 53.87 NOTE
r-release-macos-arm64 1.2.1 31.00 NOTE
r-release-macos-x86_64 1.2.1 55.00 NOTE
r-release-windows-x86_64 1.2.1 11.00 73.00 84.00 NOTE
r-oldrel-macos-arm64 1.2.1 35.00 OK
r-oldrel-macos-x86_64 1.2.1 54.00 OK
r-oldrel-windows-x86_64 1.2.1 10.00 72.00 82.00 OK

Check Details

Version: 1.2.1
Check: Rd files
Result: NOTE checkRd: (-1) oc.Rd:45: Lost braces in \itemize; \value handles \item{}{} directly checkRd: (-1) oc.Rd:46: Lost braces in \itemize; \value handles \item{}{} directly checkRd: (-1) oc.Rd:47: Lost braces in \itemize; \value handles \item{}{} directly checkRd: (-1) oc.Rd:48: Lost braces in \itemize; \value handles \item{}{} directly checkRd: (-1) oc.Rd:49: Lost braces in \itemize; \value handles \item{}{} directly checkRd: (-1) oc.Rd:50: Lost braces in \itemize; \value handles \item{}{} directly checkRd: (-1) oc.Rd:51: Lost braces in \itemize; \value handles \item{}{} directly checkRd: (-1) oc.Rd:52: Lost braces in \itemize; \value handles \item{}{} directly checkRd: (-1) oc.Rd:53: Lost braces in \itemize; \value handles \item{}{} directly checkRd: (-1) oc.Rd:54: Lost braces in \itemize; \value handles \item{}{} directly checkRd: (-1) oc.Rd:55: Lost braces in \itemize; \value handles \item{}{} directly checkRd: (-1) oc.Rd:56: Lost braces in \itemize; \value handles \item{}{} directly checkRd: (-1) oc.Rd:57-58: Lost braces in \itemize; \value handles \item{}{} directly checkRd: (-1) oc.Rd:66: Lost braces in \itemize; \value handles \item{}{} directly checkRd: (-1) oc.Rd:67: Lost braces in \itemize; \value handles \item{}{} directly checkRd: (-1) oc.Rd:68: Lost braces in \itemize; \value handles \item{}{} directly checkRd: (-1) oc.Rd:69: Lost braces in \itemize; \value handles \item{}{} directly checkRd: (-1) oc.Rd:70: Lost braces in \itemize; \value handles \item{}{} directly checkRd: (-1) oc.Rd:71-72: Lost braces in \itemize; \value handles \item{}{} directly checkRd: (-1) oc.Rd:73: Lost braces in \itemize; \value handles \item{}{} directly checkRd: (-1) sen90.Rd:26: Lost braces in \itemize; \value handles \item{}{} directly checkRd: (-1) sen90.Rd:27: Lost braces in \itemize; \value handles \item{}{} directly checkRd: (-1) sen90.Rd:28: Lost braces in \itemize; \value handles \item{}{} directly checkRd: (-1) sen90.Rd:29: Lost braces in \itemize; \value handles \item{}{} directly checkRd: (-1) sen90.Rd:30: Lost braces in \itemize; \value handles \item{}{} directly checkRd: (-1) sen90.Rd:31: Lost braces in \itemize; \value handles \item{}{} directly checkRd: (-1) sen90.Rd:42: Lost braces in \itemize; \value handles \item{}{} directly checkRd: (-1) sen90.Rd:43: Lost braces in \itemize; \value handles \item{}{} directly checkRd: (-1) sen90.Rd:44: Lost braces in \itemize; \value handles \item{}{} directly checkRd: (-1) sen90.Rd:45: Lost braces in \itemize; \value handles \item{}{} directly checkRd: (-1) sen90.Rd:46: Lost braces in \itemize; \value handles \item{}{} directly checkRd: (-1) sen90.Rd:47: Lost braces in \itemize; \value handles \item{}{} directly checkRd: (-1) sen90oc.Rd:26: Lost braces in \itemize; \value handles \item{}{} directly checkRd: (-1) sen90oc.Rd:27: Lost braces in \itemize; \value handles \item{}{} directly checkRd: (-1) sen90oc.Rd:28: Lost braces in \itemize; \value handles \item{}{} directly checkRd: (-1) sen90oc.Rd:29: Lost braces in \itemize; \value handles \item{}{} directly checkRd: (-1) sen90oc.Rd:30: Lost braces in \itemize; \value handles \item{}{} directly checkRd: (-1) sen90oc.Rd:31: Lost braces in \itemize; \value handles \item{}{} directly checkRd: (-1) sen90oc.Rd:32: Lost braces in \itemize; \value handles \item{}{} directly checkRd: (-1) sen90oc.Rd:33: Lost braces in \itemize; \value handles \item{}{} directly checkRd: (-1) sen90oc.Rd:34: Lost braces in \itemize; \value handles \item{}{} directly checkRd: (-1) sen90oc.Rd:35: Lost braces in \itemize; \value handles \item{}{} directly checkRd: (-1) sen90oc.Rd:36: Lost braces in \itemize; \value handles \item{}{} directly checkRd: (-1) sen90oc.Rd:37: Lost braces in \itemize; \value handles \item{}{} directly checkRd: (-1) sen90oc.Rd:38-39: Lost braces in \itemize; \value handles \item{}{} directly checkRd: (-1) sen90oc.Rd:47: Lost braces in \itemize; \value handles \item{}{} directly checkRd: (-1) sen90oc.Rd:48: Lost braces in \itemize; \value handles \item{}{} directly checkRd: (-1) sen90oc.Rd:49: Lost braces in \itemize; \value handles \item{}{} directly checkRd: (-1) sen90oc.Rd:50: Lost braces in \itemize; \value handles \item{}{} directly checkRd: (-1) sen90oc.Rd:51: Lost braces in \itemize; \value handles \item{}{} directly checkRd: (-1) sen90oc.Rd:52-53: Lost braces in \itemize; \value handles \item{}{} directly checkRd: (-1) sen90oc.Rd:54: Lost braces in \itemize; \value handles \item{}{} directly Flavors: r-devel-linux-x86_64-debian-clang, r-devel-linux-x86_64-debian-gcc, r-devel-linux-x86_64-fedora-clang, r-devel-linux-x86_64-fedora-gcc, r-devel-windows-x86_64, r-patched-linux-x86_64, r-release-linux-x86_64, r-release-macos-arm64, r-release-macos-x86_64, r-release-windows-x86_64