CRAN Package Check Results for Package oceanis

Last updated on 2019-08-19 05:46:29 CEST.

Flavor Version Tinstall Tcheck Ttotal Status Flags
r-devel-linux-x86_64-debian-clang 0.8.6 41.82 218.85 260.67 OK
r-devel-linux-x86_64-debian-gcc 0.8.6 34.88 167.30 202.18 OK
r-devel-linux-x86_64-fedora-clang 0.8.6 309.34 NOTE
r-devel-linux-x86_64-fedora-gcc 0.8.6 308.68 NOTE
r-devel-windows-ix86+x86_64 0.8.6 92.00 334.00 426.00 OK
r-patched-linux-x86_64 0.8.6 41.50 217.31 258.81 NOTE
r-patched-solaris-x86 0.8.6 444.30 NOTE
r-release-linux-x86_64 0.8.6 39.50 215.42 254.92 NOTE
r-release-windows-ix86+x86_64 0.8.6 64.00 203.00 267.00 OK
r-release-osx-x86_64 0.8.6 NOTE
r-oldrel-windows-ix86+x86_64 0.8.6 68.00 275.00 343.00 OK
r-oldrel-osx-x86_64 0.8.6 NOTE

Check Details

Version: 0.8.6
Check: dependencies in R code
Result: NOTE
    Namespaces in Imports field not imported from:
     ‘readODS’ ‘xlsx’
     All declared Imports should be used.
Flavors: r-devel-linux-x86_64-fedora-clang, r-devel-linux-x86_64-fedora-gcc, r-patched-solaris-x86, r-release-osx-x86_64, r-oldrel-osx-x86_64

Version: 0.8.6
Check: DESCRIPTION meta-information
Result: NOTE
    Dependence on R version ‘3.4.4’ not with patchlevel 0
Flavors: r-patched-linux-x86_64, r-release-linux-x86_64