CRAN Package Check Results for Package oceanis

Last updated on 2019-12-15 05:47:46 CET.

Flavor Version Tinstall Tcheck Ttotal Status Flags
r-devel-linux-x86_64-debian-clang 1.0.5 48.21 257.72 305.93 OK
r-devel-linux-x86_64-debian-gcc 1.0.5 41.23 194.70 235.93 OK
r-devel-linux-x86_64-fedora-clang 1.0.5 382.30 NOTE
r-devel-linux-x86_64-fedora-gcc 1.0.5 376.30 NOTE
r-devel-windows-ix86+x86_64 1.0.5 85.00 326.00 411.00 OK
r-devel-windows-ix86+x86_64-gcc8 1.0.5 88.00 340.00 428.00 OK
r-patched-linux-x86_64 1.0.5 38.95 226.57 265.52 OK
r-patched-solaris-x86 1.0.5 455.80 NOTE
r-release-linux-x86_64 1.0.5 37.91 228.28 266.19 OK
r-release-windows-ix86+x86_64 1.0.5 64.00 226.00 290.00 OK
r-release-osx-x86_64 1.0.5 NOTE
r-oldrel-windows-ix86+x86_64 1.0.5 51.00 209.00 260.00 OK
r-oldrel-osx-x86_64 1.0.5 NOTE

Check Details

Version: 1.0.5
Check: dependencies in R code
Result: NOTE
    Namespaces in Imports field not imported from:
     ‘readODS’ ‘xlsx’
     All declared Imports should be used.
Flavors: r-devel-linux-x86_64-fedora-clang, r-devel-linux-x86_64-fedora-gcc, r-patched-solaris-x86, r-release-osx-x86_64, r-oldrel-osx-x86_64