CRAN Package Check Results for Package oceanwaves

Last updated on 2020-07-15 05:48:13 CEST.

Flavor Version Tinstall Tcheck Ttotal Status Flags
r-devel-linux-x86_64-debian-clang 0.1.0 4.76 47.00 51.76 OK
r-devel-linux-x86_64-debian-gcc 0.1.0 3.52 36.28 39.80 OK
r-devel-linux-x86_64-fedora-clang 0.1.0 69.05 OK
r-devel-linux-x86_64-fedora-gcc 0.1.0 66.11 OK
r-devel-windows-ix86+x86_64 0.1.0 19.00 86.00 105.00 OK
r-patched-linux-x86_64 0.1.0 4.95 45.35 50.30 OK
r-patched-solaris-x86 0.1.0 94.80 OK
r-release-linux-x86_64 0.1.0 4.42 46.83 51.25 OK
r-release-macos-x86_64 0.1.0 ERROR
r-release-windows-ix86+x86_64 0.1.0 20.00 58.00 78.00 OK
r-oldrel-macos-x86_64 0.1.0 OK
r-oldrel-windows-ix86+x86_64 0.1.0 13.00 92.00 105.00 OK

Check Details

Version: 0.1.0
Check: whether package can be installed
Result: ERROR
    Installation failed.
Flavor: r-release-macos-x86_64