CRAN Package Check Results for Package odeGUTS

Last updated on 2022-05-27 05:53:02 CEST.

Flavor Version Tinstall Tcheck Ttotal Status Flags
r-devel-linux-x86_64-debian-clang 1.0.1 4.02 38.31 42.33 OK
r-devel-linux-x86_64-debian-gcc 1.0.1 3.03 30.14 33.17 OK
r-devel-linux-x86_64-fedora-clang 1.0.1 52.88 OK
r-devel-linux-x86_64-fedora-gcc 1.0.1 39.40 OK
r-devel-windows-x86_64 1.0.1 14.00 58.00 72.00 OK
r-patched-linux-x86_64 1.0.1 3.94 37.43 41.37 OK
r-release-linux-x86_64 1.0.1 3.67 37.62 41.29 OK
r-release-macos-arm64 1.0.1 18.00 OK
r-release-macos-x86_64 1.0.1 31.00 NOTE
r-release-windows-x86_64 1.0.1 95.00 55.00 150.00 OK
r-oldrel-macos-arm64 1.0.1 22.00 NOTE
r-oldrel-macos-x86_64 1.0.1 26.00 OK
r-oldrel-windows-ix86+x86_64 1.0.1 11.00 58.00 69.00 OK

Check Details

Version: 1.0.1
Check: package dependencies
Result: NOTE
    Package suggested but not available for checking: ‘morse’
Flavors: r-release-macos-x86_64, r-oldrel-macos-arm64