CRAN Package Check Results for Package oem

Last updated on 2020-11-28 05:51:13 CET.

Flavor Version Tinstall Tcheck Ttotal Status Flags
r-devel-linux-x86_64-debian-clang 2.0.10 521.63 234.83 756.46 OK
r-devel-linux-x86_64-debian-gcc 2.0.10 634.98 167.27 802.25 OK
r-devel-linux-x86_64-fedora-clang 2.0.10 829.94 NOTE
r-devel-linux-x86_64-fedora-gcc 2.0.10 805.55 OK
r-devel-windows-ix86+x86_64 2.0.10 777.00 272.00 1049.00 OK
r-patched-linux-x86_64 2.0.10 699.75 218.78 918.53 OK
r-patched-solaris-x86 2.0.10 954.90 OK
r-release-linux-x86_64 2.0.10 900.84 215.60 1116.44 OK
r-release-macos-x86_64 2.0.10 NOTE
r-release-windows-ix86+x86_64 2.0.10 656.00 251.00 907.00 OK
r-oldrel-macos-x86_64 2.0.10 NOTE
r-oldrel-windows-ix86+x86_64 2.0.10 695.00 331.00 1026.00 OK

Check Details

Version: 2.0.10
Check: installed package size
Result: NOTE
     installed size is 91.8Mb
     sub-directories of 1Mb or more:
     libs 91.3Mb
Flavors: r-devel-linux-x86_64-fedora-clang, r-release-macos-x86_64, r-oldrel-macos-x86_64