Last updated on 2022-05-23 05:52:47 CEST.
Flavor | Version | Tinstall | Tcheck | Ttotal | Status | Flags |
---|---|---|---|---|---|---|
r-devel-linux-x86_64-debian-clang | 2.0.10 | 441.22 | 218.57 | 659.79 | NOTE | |
r-devel-linux-x86_64-debian-gcc | 2.0.10 | 336.49 | 166.90 | 503.39 | NOTE | |
r-devel-linux-x86_64-fedora-clang | 2.0.10 | 960.15 | NOTE | |||
r-devel-linux-x86_64-fedora-gcc | 2.0.10 | 818.75 | NOTE | |||
r-devel-windows-x86_64 | 2.0.10 | 240.00 | 310.00 | 550.00 | NOTE | |
r-patched-linux-x86_64 | 2.0.10 | 363.33 | 235.86 | 599.19 | NOTE | |
r-release-linux-x86_64 | 2.0.10 | NOTE | ||||
r-release-macos-arm64 | 2.0.10 | 215.00 | NOTE | |||
r-release-macos-x86_64 | 2.0.10 | 301.00 | NOTE | |||
r-release-windows-x86_64 | 2.0.10 | 238.00 | 306.00 | 544.00 | NOTE | |
r-oldrel-macos-arm64 | 2.0.10 | 237.00 | NOTE | |||
r-oldrel-macos-x86_64 | 2.0.10 | 449.00 | NOTE | |||
r-oldrel-windows-ix86+x86_64 | 2.0.10 | 789.00 | 361.00 | 1150.00 | NOTE |
Version: 2.0.10
Check: LazyData
Result: NOTE
'LazyData' is specified without a 'data' directory
Flavors: r-devel-linux-x86_64-debian-clang, r-devel-linux-x86_64-debian-gcc, r-devel-linux-x86_64-fedora-clang, r-devel-linux-x86_64-fedora-gcc, r-devel-windows-x86_64, r-patched-linux-x86_64, r-release-linux-x86_64, r-release-macos-arm64, r-release-macos-x86_64, r-release-windows-x86_64, r-oldrel-macos-arm64, r-oldrel-macos-x86_64, r-oldrel-windows-ix86+x86_64
Version: 2.0.10
Check: installed package size
Result: NOTE
installed size is 79.7Mb
sub-directories of 1Mb or more:
libs 79.2Mb
Flavors: r-devel-linux-x86_64-fedora-clang, r-release-macos-arm64, r-release-macos-x86_64, r-oldrel-macos-arm64, r-oldrel-macos-x86_64