CRAN Package Check Results for Package omock

Last updated on 2024-06-13 06:58:10 CEST.

Flavor Version Tinstall Tcheck Ttotal Status Flags
r-devel-linux-x86_64-debian-clang 0.2.0 8.16 230.02 238.18 OK
r-devel-linux-x86_64-debian-gcc 0.2.0 0.43 1.69 2.12 ERROR
r-devel-linux-x86_64-fedora-clang 0.2.0 292.09 OK
r-devel-linux-x86_64-fedora-gcc 0.2.0 279.01 OK
r-devel-windows-x86_64 0.2.0 7.00 198.00 205.00 OK
r-patched-linux-x86_64 0.2.0 5.54 209.87 215.41 OK
r-release-linux-x86_64 0.2.0 5.23 211.24 216.47 OK
r-release-macos-arm64 0.2.0 84.00 OK
r-release-macos-x86_64 0.2.0 154.00 OK
r-release-windows-x86_64 0.2.0 7.00 223.00 230.00 OK
r-oldrel-macos-arm64 0.2.0 107.00 OK
r-oldrel-macos-x86_64 0.2.0 275.00 OK
r-oldrel-windows-x86_64 0.2.0 10.00 207.00 217.00 OK

Check Details

Version: 0.2.0
Check: package dependencies
Result: ERROR Packages required but not available: 'dplyr', 'lubridate', 'omopgenerics', 'purrr', 'snakecase' Packages suggested but not available for checking: 'ggplot2', 'testthat' See section ‘The DESCRIPTION file’ in the ‘Writing R Extensions’ manual. Flavor: r-devel-linux-x86_64-debian-gcc