CRAN Package Check Results for Package onehot

Last updated on 2024-07-21 06:52:22 CEST.

Flavor Version Tinstall Tcheck Ttotal Status Flags
r-devel-linux-x86_64-debian-clang 0.1.1 2.25 20.25 22.50 NOTE
r-devel-linux-x86_64-debian-gcc 0.1.1 2.02 16.06 18.08 NOTE
r-devel-linux-x86_64-fedora-clang 0.1.1 29.91 NOTE
r-devel-linux-x86_64-fedora-gcc 0.1.1 28.11 NOTE
r-devel-windows-x86_64 0.1.1 4.00 37.00 41.00 NOTE
r-patched-linux-x86_64 0.1.1 2.26 20.03 22.29 NOTE
r-release-linux-x86_64 0.1.1 2.23 19.62 21.85 NOTE
r-release-macos-arm64 0.1.1 14.00 NOTE
r-release-macos-x86_64 0.1.1 19.00 NOTE
r-release-windows-x86_64 0.1.1 5.00 36.00 41.00 NOTE
r-oldrel-macos-arm64 0.1.1 17.00 NOTE
r-oldrel-macos-x86_64 0.1.1 20.00 NOTE
r-oldrel-windows-x86_64 0.1.1 5.00 35.00 40.00 NOTE

Check Details

Version: 0.1.1
Check: LazyData
Result: NOTE 'LazyData' is specified without a 'data' directory Flavors: r-devel-linux-x86_64-debian-clang, r-devel-linux-x86_64-debian-gcc, r-devel-linux-x86_64-fedora-clang, r-devel-linux-x86_64-fedora-gcc, r-devel-windows-x86_64, r-patched-linux-x86_64, r-release-linux-x86_64, r-release-macos-arm64, r-release-macos-x86_64, r-release-windows-x86_64, r-oldrel-macos-arm64, r-oldrel-macos-x86_64, r-oldrel-windows-x86_64