CRAN Package Check Results for Package onion

Last updated on 2024-06-20 06:57:19 CEST.

Flavor Version Tinstall Tcheck Ttotal Status Flags
r-devel-linux-x86_64-debian-clang 1.5-3 21.60 218.20 239.80 OK
r-devel-linux-x86_64-debian-gcc 1.5-3 17.86 159.01 176.87 OK
r-devel-linux-x86_64-fedora-clang 1.5-3 323.23 OK
r-devel-linux-x86_64-fedora-gcc 1.5-3 295.98 OK
r-devel-windows-x86_64 1.5-3 20.00 187.00 207.00 OK
r-patched-linux-x86_64 1.5-3 20.52 210.59 231.11 OK
r-release-linux-x86_64 1.5-3 22.80 212.09 234.89 OK
r-release-macos-arm64 1.5-3 94.00 WARN
r-release-macos-x86_64 1.5-3 187.00 OK
r-release-windows-x86_64 1.5-3 20.00 192.00 212.00 OK
r-oldrel-macos-arm64 1.5-3 101.00 NOTE
r-oldrel-macos-x86_64 1.5-3 234.00 OK
r-oldrel-windows-x86_64 1.5-3 27.00 231.00 258.00 OK

Check Details

Version: 1.5-3
Check: re-building of vignette outputs
Result: WARN Error(s) in re-building vignettes: --- re-building ‘onionmat.Rmd’ using rmarkdown --- finished re-building ‘onionmat.Rmd’ --- re-building ‘onionpaper.Rnw’ using Sweave Loading required package: onion Warning in plot.xy(xy.coords(x, y), type = type, ...) : "box" is not a graphical parameter Warning in plot.xy(xy.coords(x, y), type = type, ...) : "r" is not a graphical parameter Warning in plot.xy(xy.coords(x, y), type = type, ...) : "theta" is not a graphical parameter Warning in plot.xy(xy.coords(x, y), type = type, ...) : "phi" is not a graphical parameter Warning in plot.xy(xy.coords(x, y), type = type, ...) : "box" is not a graphical parameter Warning in plot.xy(xy.coords(x, y), type = type, ...) : "r" is not a graphical parameter Warning in plot.xy(xy.coords(x, y), type = type, ...) : "theta" is not a graphical parameter Warning in plot.xy(xy.coords(x, y), type = type, ...) : "phi" is not a graphical parameter Warning in plot.xy(xy.coords(x, y), type = type, ...) : "box" is not a graphical parameter Warning in plot.xy(xy.coords(x, y), type = type, ...) : "r" is not a graphical parameter Warning in plot.xy(xy.coords(x, y), type = type, ...) : "theta" is not a graphical parameter Warning in plot.xy(xy.coords(x, y), type = type, ...) : "phi" is not a graphical parameter Warning in plot.xy(xy.coords(x, y), type = type, ...) : "box" is not a graphical parameter Warning in plot.xy(xy.coords(x, y), type = type, ...) : "r" is not a graphical parameter Warning in plot.xy(xy.coords(x, y), type = type, ...) : "theta" is not a graphical parameter Warning in plot.xy(xy.coords(x, y), type = type, ...) : "phi" is not a graphical parameter Error: processing vignette 'onionpaper.Rnw' failed with diagnostics: Running 'texi2dvi' on 'onionpaper.tex' failed. LaTeX errors: !pdfTeX error: pdflatex (file bbm10): Font bbm10 at 657 not found ==> Fatal error occurred, no output PDF file produced! --- failed re-building ‘onionpaper.Rnw’ SUMMARY: processing the following file failed: ‘onionpaper.Rnw’ Error: Vignette re-building failed. Execution halted Flavor: r-release-macos-arm64

Version: 1.5-3
Check: re-building of vignette outputs
Result: NOTE Error(s) in re-building vignettes: --- re-building ‘onionmat.Rmd’ using rmarkdown --- finished re-building ‘onionmat.Rmd’ --- re-building ‘onionpaper.Rnw’ using Sweave Loading required package: onion Warning in plot.xy(xy.coords(x, y), type = type, ...) : "box" is not a graphical parameter Warning in plot.xy(xy.coords(x, y), type = type, ...) : "r" is not a graphical parameter Warning in plot.xy(xy.coords(x, y), type = type, ...) : "theta" is not a graphical parameter Warning in plot.xy(xy.coords(x, y), type = type, ...) : "phi" is not a graphical parameter Warning in plot.xy(xy.coords(x, y), type = type, ...) : "box" is not a graphical parameter Warning in plot.xy(xy.coords(x, y), type = type, ...) : "r" is not a graphical parameter Warning in plot.xy(xy.coords(x, y), type = type, ...) : "theta" is not a graphical parameter Warning in plot.xy(xy.coords(x, y), type = type, ...) : "phi" is not a graphical parameter Warning in plot.xy(xy.coords(x, y), type = type, ...) : "box" is not a graphical parameter Warning in plot.xy(xy.coords(x, y), type = type, ...) : "r" is not a graphical parameter Warning in plot.xy(xy.coords(x, y), type = type, ...) : "theta" is not a graphical parameter Warning in plot.xy(xy.coords(x, y), type = type, ...) : "phi" is not a graphical parameter Warning in plot.xy(xy.coords(x, y), type = type, ...) : "box" is not a graphical parameter Warning in plot.xy(xy.coords(x, y), type = type, ...) : "r" is not a graphical parameter Warning in plot.xy(xy.coords(x, y), type = type, ...) : "theta" is not a graphical parameter Warning in plot.xy(xy.coords(x, y), type = type, ...) : "phi" is not a graphical parameter Error: processing vignette 'onionpaper.Rnw' failed with diagnostics: Running 'texi2dvi' on 'onionpaper.tex' failed. LaTeX errors: !pdfTeX error: pdflatex (file bbm10): Font bbm10 at 657 not found ==> Fatal error occurred, no output PDF file produced! --- failed re-building ‘onionpaper.Rnw’ SUMMARY: processing the following file failed: ‘onionpaper.Rnw’ Error: Vignette re-building failed. Execution halted Flavor: r-oldrel-macos-arm64