CRAN Package Check Results for Package ontoFAST

Last updated on 2021-12-07 05:55:12 CET.

Flavor Version Tinstall Tcheck Ttotal Status Flags
r-devel-linux-x86_64-debian-clang 1.0.0 8.64 75.73 84.37 OK
r-devel-linux-x86_64-debian-gcc 1.0.0 5.98 57.70 63.68 OK
r-devel-linux-x86_64-fedora-clang 1.0.0 100.96 NOTE
r-devel-linux-x86_64-fedora-gcc 1.0.0 89.97 NOTE
r-devel-windows-x86_64-new-UL 1.0.0 18.00 104.00 122.00 OK
r-devel-windows-x86_64-new-TK 1.0.0 NOTE
r-devel-windows-x86_64-old 1.0.0 14.00 73.00 87.00 OK
r-patched-linux-x86_64 1.0.0 8.26 71.69 79.95 OK
r-release-linux-x86_64 1.0.0 6.87 72.15 79.02 OK
r-release-macos-arm64 1.0.0 NOTE
r-release-macos-x86_64 1.0.0 NOTE
r-release-windows-ix86+x86_64 1.0.0 15.00 92.00 107.00 OK
r-oldrel-macos-x86_64 1.0.0 NOTE
r-oldrel-windows-ix86+x86_64 1.0.0 18.00 90.00 108.00 OK

Check Details

Version: 1.0.0
Check: data for non-ASCII characters
Result: NOTE
     Note: found 34 marked UTF-8 strings
Flavors: r-devel-linux-x86_64-fedora-clang, r-devel-linux-x86_64-fedora-gcc, r-devel-windows-x86_64-new-TK, r-release-macos-arm64, r-release-macos-x86_64, r-oldrel-macos-x86_64