Last updated on 2022-08-12 05:52:53 CEST.
Flavor | Version | Tinstall | Tcheck | Ttotal | Status | Flags |
---|---|---|---|---|---|---|
r-devel-linux-x86_64-debian-clang | 0.0.1 | 6.38 | 177.82 | 184.20 | OK | |
r-devel-linux-x86_64-debian-gcc | 0.0.1 | 4.94 | 132.06 | 137.00 | OK | |
r-devel-linux-x86_64-fedora-clang | 0.0.1 | 217.31 | NOTE | |||
r-devel-linux-x86_64-fedora-gcc | 0.0.1 | 221.60 | NOTE | |||
r-devel-windows-x86_64 | 0.0.1 | 18.00 | 221.00 | 239.00 | OK | |
r-patched-linux-x86_64 | 0.0.1 | 5.55 | 171.82 | 177.37 | OK | |
r-release-linux-x86_64 | 0.0.1 | 3.89 | 169.99 | 173.88 | OK | |
r-release-macos-arm64 | 0.0.1 | 79.00 | NOTE | |||
r-release-macos-x86_64 | 0.0.1 | 89.00 | NOTE | |||
r-release-windows-x86_64 | 0.0.1 | 16.00 | 224.00 | 240.00 | OK | |
r-oldrel-macos-arm64 | 0.0.1 | 78.00 | NOTE | |||
r-oldrel-macos-x86_64 | 0.0.1 | 91.00 | NOTE | |||
r-oldrel-windows-ix86+x86_64 | 0.0.1 | 15.00 | 228.00 | 243.00 | OK |
Version: 0.0.1
Check: data for non-ASCII characters
Result: NOTE
Note: found 5 marked UTF-8 strings
Flavors: r-devel-linux-x86_64-fedora-clang, r-devel-linux-x86_64-fedora-gcc, r-release-macos-arm64, r-release-macos-x86_64, r-oldrel-macos-arm64, r-oldrel-macos-x86_64