CRAN Package Check Results for Package opencpu

Last updated on 2022-12-02 05:55:23 CET.

Flavor Version Tinstall Tcheck Ttotal Status Flags
r-devel-linux-x86_64-debian-clang 2.2.8 6.25 43.56 49.81 OK
r-devel-linux-x86_64-debian-gcc 2.2.8 4.25 33.68 37.93 OK
r-devel-linux-x86_64-fedora-clang 2.2.8 72.49 NOTE
r-devel-linux-x86_64-fedora-gcc 2.2.8 69.47 NOTE
r-devel-windows-x86_64 2.2.8 40.00 70.00 110.00 NOTE
r-patched-linux-x86_64 2.2.8 7.34 41.58 48.92 OK
r-release-linux-x86_64 2.2.8 3.98 42.54 46.52 OK
r-release-macos-arm64 2.2.8 24.00 NOTE
r-release-macos-x86_64 2.2.8 32.00 NOTE
r-release-windows-x86_64 2.2.8 51.00 66.00 117.00 NOTE
r-oldrel-macos-arm64 2.2.8 23.00 NOTE
r-oldrel-macos-x86_64 2.2.8 32.00 NOTE
r-oldrel-windows-ix86+x86_64 2.2.8 11.00 62.00 73.00 NOTE

Check Details

Version: 2.2.8
Check: data for non-ASCII characters
Result: NOTE
     Note: found 4 marked UTF-8 strings
Flavors: r-devel-linux-x86_64-fedora-clang, r-devel-linux-x86_64-fedora-gcc, r-release-macos-arm64, r-release-macos-x86_64, r-oldrel-macos-arm64, r-oldrel-macos-x86_64

Version: 2.2.8
Check: package dependencies
Result: NOTE
    Package suggested but not available for checking: 'unix'
Flavors: r-devel-windows-x86_64, r-release-windows-x86_64, r-oldrel-windows-ix86+x86_64