Last updated on 2022-08-12 05:52:53 CEST.
Flavor | Version | Tinstall | Tcheck | Ttotal | Status | Flags |
---|---|---|---|---|---|---|
r-devel-linux-x86_64-debian-clang | 0.2.2 | 133.34 | 124.05 | 257.39 | OK | |
r-devel-linux-x86_64-debian-gcc | 0.2.2 | 96.26 | 50.18 | 146.44 | OK | |
r-devel-linux-x86_64-fedora-gcc | 0.2.2 | 277.55 | OK | |||
r-devel-windows-x86_64 | 0.2.2 | 202.00 | 145.00 | 347.00 | NOTE | |
r-patched-linux-x86_64 | 0.2.2 | 105.51 | 66.60 | 172.11 | OK | |
r-release-linux-x86_64 | 0.2.2 | 100.00 | 66.58 | 166.58 | OK | |
r-release-macos-arm64 | 0.2.2 | 63.00 | NOTE | |||
r-release-macos-x86_64 | 0.2.2 | 92.00 | NOTE | |||
r-release-windows-x86_64 | 0.2.2 | 179.00 | 151.00 | 330.00 | NOTE | |
r-oldrel-macos-arm64 | 0.2.2 | 56.00 | NOTE | |||
r-oldrel-macos-x86_64 | 0.2.2 | 96.00 | NOTE | |||
r-oldrel-windows-ix86+x86_64 | 0.2.2 | 328.00 | 146.00 | 474.00 | NOTE |
Version: 0.2.2
Check: installed package size
Result: NOTE
installed size is 23.4Mb
sub-directories of 1Mb or more:
libs 13.1Mb
share 10.2Mb
Flavors: r-devel-windows-x86_64, r-release-macos-arm64, r-release-macos-x86_64, r-release-windows-x86_64, r-oldrel-macos-arm64, r-oldrel-macos-x86_64, r-oldrel-windows-ix86+x86_64