Last updated on 2021-01-23 05:47:10 CET.
Flavor | Version | Tinstall | Tcheck | Ttotal | Status | Flags |
---|---|---|---|---|---|---|
r-devel-linux-x86_64-debian-clang | 1.0.2 | 244.53 | 158.44 | 402.97 | NOTE | |
r-devel-linux-x86_64-debian-gcc | 1.0.2 | 163.50 | 118.71 | 282.21 | NOTE | |
r-devel-linux-x86_64-fedora-clang | 1.0.2 | 556.20 | NOTE | |||
r-devel-linux-x86_64-fedora-gcc | 1.0.2 | 503.69 | NOTE | |||
r-devel-windows-ix86+x86_64 | 1.0.2 | 580.00 | 233.00 | 813.00 | NOTE | |
r-patched-linux-x86_64 | 1.0.2 | 197.47 | 147.03 | 344.50 | NOTE | |
r-patched-solaris-x86 | 1.0.2 | 509.60 | NOTE | |||
r-release-linux-x86_64 | 1.0.2 | 198.34 | 148.47 | 346.81 | NOTE | |
r-release-macos-x86_64 | 1.0.2 | NOTE | ||||
r-release-windows-ix86+x86_64 | 1.0.2 | 491.00 | 304.00 | 795.00 | NOTE | |
r-oldrel-macos-x86_64 | 1.0.2 | NOTE | ||||
r-oldrel-windows-ix86+x86_64 | 1.0.2 | 384.00 | 219.00 | 603.00 | NOTE |
Version: 1.0.2
Check: package dependencies
Result: NOTE
Package suggested but not available for checking: 'gurobi'
Flavors: r-devel-linux-x86_64-debian-clang, r-devel-linux-x86_64-debian-gcc, r-devel-linux-x86_64-fedora-clang, r-devel-linux-x86_64-fedora-gcc, r-devel-windows-ix86+x86_64, r-patched-linux-x86_64, r-release-linux-x86_64, r-release-windows-ix86+x86_64, r-oldrel-windows-ix86+x86_64
Version: 1.0.2
Check: installed package size
Result: NOTE
installed size is 10.4Mb
sub-directories of 1Mb or more:
libs 8.7Mb
Flavors: r-devel-linux-x86_64-fedora-clang, r-release-macos-x86_64, r-oldrel-macos-x86_64
Version: 1.0.2
Check: package dependencies
Result: NOTE
Packages suggested but not available for checking:
'gurobi', 'Rsymphony', 'lpsymphony'
Flavor: r-patched-solaris-x86
Version: 1.0.2
Check: package dependencies
Result: NOTE
Packages suggested but not available for checking:
'gurobi', 'ggtree', 'Rsymphony', 'lpsymphony'
Flavor: r-release-macos-x86_64
Version: 1.0.2
Check: Rd cross-references
Result: NOTE
Package unavailable to check Rd xrefs: ‘ggtree’
Flavor: r-release-macos-x86_64
Version: 1.0.2
Check: package dependencies
Result: NOTE
Packages suggested but not available for checking: 'gurobi', 'Rsymphony'
Flavor: r-oldrel-macos-x86_64