CRAN Package Check Results for Package optiSel

Last updated on 2021-12-01 05:59:33 CET.

Flavor Version Tinstall Tcheck Ttotal Status Flags
r-devel-linux-x86_64-debian-clang 2.0.5 168.40 244.98 413.38 OK
r-devel-linux-x86_64-debian-gcc 2.0.5 125.75 200.18 325.93 OK
r-devel-linux-x86_64-fedora-clang 2.0.5 555.61 NOTE
r-devel-linux-x86_64-fedora-gcc 2.0.5 523.02 OK
r-devel-windows-x86_64-new-UL 2.0.5 221.00 347.00 568.00 OK
r-devel-windows-x86_64-new-TK 2.0.5 OK
r-devel-windows-x86_64-old 2.0.5 226.00 221.00 447.00 OK
r-patched-linux-x86_64 2.0.5 142.51 241.97 384.48 OK
r-patched-solaris-x86 2.0.5 477.20 OK
r-release-linux-x86_64 2.0.5 145.85 240.26 386.11 OK
r-release-macos-arm64 2.0.5 NOTE
r-release-macos-x86_64 2.0.5 NOTE
r-release-windows-ix86+x86_64 2.0.5 404.00 297.00 701.00 NOTE
r-oldrel-macos-x86_64 2.0.5 NOTE
r-oldrel-windows-ix86+x86_64 2.0.5 305.00 337.00 642.00 NOTE

Check Details

Version: 2.0.5
Check: installed package size
Result: NOTE
     installed size is 5.5Mb
     sub-directories of 1Mb or more:
     extdata 1.8Mb
     libs 2.6Mb
Flavors: r-devel-linux-x86_64-fedora-clang, r-release-macos-arm64, r-release-macos-x86_64, r-release-windows-ix86+x86_64, r-oldrel-macos-x86_64, r-oldrel-windows-ix86+x86_64

Version: 2.0.5
Check: Rd cross-references
Result: NOTE
    Undeclared packages ‘alabama’, ‘cccp’, ‘nloptr’ in Rd xrefs
Flavor: r-devel-linux-x86_64-fedora-clang