Last updated on 2022-05-27 05:53:03 CEST.
Flavor | Version | Tinstall | Tcheck | Ttotal | Status | Flags |
---|---|---|---|---|---|---|
r-devel-linux-x86_64-debian-clang | 1.3.5 | 173.41 | 75.57 | 248.98 | OK | |
r-devel-linux-x86_64-debian-gcc | 1.3.5 | 155.39 | 59.73 | 215.12 | WARN | |
r-devel-linux-x86_64-fedora-clang | 1.3.5 | 396.80 | NOTE | |||
r-devel-linux-x86_64-fedora-gcc | 1.3.5 | 341.73 | OK | |||
r-devel-windows-x86_64 | 1.3.5 | 159.00 | 138.00 | 297.00 | OK | |
r-patched-linux-x86_64 | 1.3.5 | 167.82 | 76.92 | 244.74 | OK | |
r-release-linux-x86_64 | 1.3.5 | 160.04 | 75.55 | 235.59 | OK | |
r-release-macos-arm64 | 1.3.5 | 94.00 | NOTE | |||
r-release-macos-x86_64 | 1.3.5 | 118.00 | NOTE | |||
r-release-windows-x86_64 | 1.3.5 | 164.00 | 136.00 | 300.00 | OK | |
r-oldrel-macos-arm64 | 1.3.5 | 120.00 | NOTE | |||
r-oldrel-macos-x86_64 | 1.3.5 | 134.00 | NOTE | |||
r-oldrel-windows-ix86+x86_64 | 1.3.5 | 446.00 | 134.00 | 580.00 | OK |
Version: 1.3.5
Check: whether package can be installed
Result: WARN
Found the following significant warnings:
/usr/include/x86_64-linux-gnu/bits/string_fortified.h:59:33: warning: ‘void* __builtin_memset(void*, int, long unsigned int)’ forming offset [176, 183] is out of the bounds [0, 176] of object ‘b’ with type ‘arma::vec’ {aka ‘arma::Col<double>’} [-Warray-bounds]
Flavor: r-devel-linux-x86_64-debian-gcc
Version: 1.3.5
Check: installed package size
Result: NOTE
installed size is 6.7Mb
sub-directories of 1Mb or more:
libs 6.4Mb
Flavors: r-devel-linux-x86_64-fedora-clang, r-release-macos-arm64, r-release-macos-x86_64, r-oldrel-macos-arm64, r-oldrel-macos-x86_64