CRAN Package Check Results for Package oreo

Last updated on 2022-05-20 05:54:34 CEST.

Flavor Version Tinstall Tcheck Ttotal Status Flags
r-devel-linux-x86_64-debian-clang 1.0 5.53 50.67 56.20 OK
r-devel-linux-x86_64-debian-gcc 1.0 4.17 38.45 42.62 OK
r-devel-linux-x86_64-fedora-clang 1.0 67.52 NOTE
r-devel-linux-x86_64-fedora-gcc 1.0 64.42 NOTE
r-devel-windows-x86_64 1.0 14.00 64.00 78.00 OK
r-patched-linux-x86_64 1.0 5.49 48.50 53.99 OK
r-release-linux-x86_64 1.0 4.47 48.38 52.85 OK
r-release-macos-arm64 1.0 23.00 NOTE
r-release-macos-x86_64 1.0 40.00 NOTE
r-release-windows-x86_64 1.0 13.00 68.00 81.00 OK
r-oldrel-macos-arm64 1.0 27.00 NOTE
r-oldrel-macos-x86_64 1.0 37.00 NOTE
r-oldrel-windows-ix86+x86_64 1.0 12.00 124.00 136.00 OK

Check Details

Version: 1.0
Check: dependencies in R code
Result: NOTE
    Namespaces in Imports field not imported from:
     ‘ggplot2’ ‘gridExtra’ ‘scales’ ‘tools’
     All declared Imports should be used.
Flavors: r-devel-linux-x86_64-fedora-clang, r-devel-linux-x86_64-fedora-gcc, r-release-macos-arm64, r-release-macos-x86_64, r-oldrel-macos-arm64, r-oldrel-macos-x86_64