CRAN Package Check Results for Package orgutils

Last updated on 2021-01-15 05:48:59 CET.

Flavor Version Tinstall Tcheck Ttotal Status Flags
r-devel-linux-x86_64-debian-clang 0.4-1 1.97 25.00 26.97 OK
r-devel-linux-x86_64-debian-gcc 0.4-1 1.47 20.14 21.61 OK
r-devel-linux-x86_64-fedora-clang 0.4-1 44.82 NOTE
r-devel-linux-x86_64-fedora-gcc 0.4-1 33.49 OK
r-devel-windows-ix86+x86_64 0.4-1 6.00 47.00 53.00 OK
r-patched-linux-x86_64 0.4-1 1.75 24.39 26.14 OK
r-patched-solaris-x86 0.4-1 49.00 OK
r-release-linux-x86_64 0.4-1 1.77 24.44 26.21 OK
r-release-macos-x86_64 0.4-1 OK
r-release-windows-ix86+x86_64 0.4-1 5.00 36.00 41.00 OK
r-oldrel-macos-x86_64 0.4-1 OK
r-oldrel-windows-ix86+x86_64 0.4-1 3.00 48.00 51.00 OK

Check Details

Version: 0.4-1
Check: Rd cross-references
Result: NOTE
    Undeclared package ‘microplot’ in Rd xrefs
Flavor: r-devel-linux-x86_64-fedora-clang