CRAN Package Check Results for Package originr

Last updated on 2020-01-26 05:47:21 CET.

Flavor Version Tinstall Tcheck Ttotal Status Flags
r-devel-linux-x86_64-debian-clang 0.3.0 5.13 43.72 48.85 OK
r-devel-linux-x86_64-debian-gcc 0.3.0 4.49 33.23 37.72 OK
r-devel-linux-x86_64-fedora-clang 0.3.0 59.05 NOTE
r-devel-linux-x86_64-fedora-gcc 0.3.0 56.80 NOTE
r-devel-windows-ix86+x86_64 0.3.0 31.00 95.00 126.00 OK
r-devel-windows-ix86+x86_64-gcc8 0.3.0 29.00 69.00 98.00 OK
r-patched-linux-x86_64 0.3.0 4.44 38.53 42.97 OK
r-patched-solaris-x86 0.3.0 86.70 NOTE
r-release-linux-x86_64 0.3.0 3.83 38.91 42.74 OK
r-release-windows-ix86+x86_64 0.3.0 11.00 59.00 70.00 OK
r-release-osx-x86_64 0.3.0 NOTE
r-oldrel-windows-ix86+x86_64 0.3.0 8.00 52.00 60.00 OK
r-oldrel-osx-x86_64 0.3.0 NOTE

Check Details

Version: 0.3.0
Check: data for non-ASCII characters
Result: NOTE
     Note: found 2 marked UTF-8 strings
Flavors: r-devel-linux-x86_64-fedora-clang, r-devel-linux-x86_64-fedora-gcc, r-patched-solaris-x86, r-release-osx-x86_64, r-oldrel-osx-x86_64