CRAN Package Check Results for Package originr

Last updated on 2019-09-16 05:47:02 CEST.

Flavor Version Tinstall Tcheck Ttotal Status Flags
r-devel-linux-x86_64-debian-clang 0.3.0 4.57 37.85 42.42 OK
r-devel-linux-x86_64-debian-gcc 0.3.0 3.61 29.56 33.17 OK
r-devel-linux-x86_64-fedora-clang 0.3.0 52.44 NOTE
r-devel-linux-x86_64-fedora-gcc 0.3.0 53.10 NOTE
r-devel-windows-ix86+x86_64 0.3.0 23.00 80.00 103.00 OK
r-patched-linux-x86_64 0.3.0 4.16 37.88 42.04 OK
r-patched-solaris-x86 0.3.0 95.50 NOTE
r-release-linux-x86_64 0.3.0 4.18 37.22 41.40 OK
r-release-windows-ix86+x86_64 0.3.0 11.00 75.00 86.00 OK
r-release-osx-x86_64 0.3.0 NOTE
r-oldrel-windows-ix86+x86_64 0.3.0 12.00 50.00 62.00 OK
r-oldrel-osx-x86_64 0.3.0 NOTE

Check Details

Version: 0.3.0
Check: data for non-ASCII characters
Result: NOTE
     Note: found 2 marked UTF-8 strings
Flavors: r-devel-linux-x86_64-fedora-clang, r-devel-linux-x86_64-fedora-gcc, r-patched-solaris-x86, r-release-osx-x86_64, r-oldrel-osx-x86_64