CRAN Package Check Results for Package osmplotr

Last updated on 2022-01-18 05:50:21 CET.

Flavor Version Tinstall Tcheck Ttotal Status Flags
r-devel-linux-x86_64-debian-clang 0.3.3 12.41 236.57 248.98 OK
r-devel-linux-x86_64-debian-gcc 0.3.3 12.12 173.31 185.43 OK
r-devel-linux-x86_64-fedora-clang 0.3.3 295.83 NOTE
r-devel-linux-x86_64-fedora-gcc 0.3.3 285.27 OK
r-devel-windows-x86_64-new-UL 0.3.3 102.00 259.00 361.00 NOTE
r-devel-windows-x86_64-new-TK 0.3.3 OK
r-patched-linux-x86_64 0.3.3 10.34 227.95 238.29 OK
r-release-linux-x86_64 0.3.3 OK
r-release-macos-arm64 0.3.3 NOTE
r-release-macos-x86_64 0.3.3 NOTE
r-release-windows-ix86+x86_64 0.3.3 33.00 278.00 311.00 NOTE
r-oldrel-macos-x86_64 0.3.3 NOTE
r-oldrel-windows-ix86+x86_64 0.3.3 32.00 274.00 306.00 NOTE

Check Details

Version: 0.3.3
Check: installed package size
Result: NOTE
     installed size is 9.2Mb
     sub-directories of 1Mb or more:
     doc 7.8Mb
Flavors: r-devel-linux-x86_64-fedora-clang, r-devel-windows-x86_64-new-UL, r-release-macos-arm64, r-release-macos-x86_64, r-release-windows-ix86+x86_64, r-oldrel-macos-x86_64, r-oldrel-windows-ix86+x86_64