CRAN Package Check Results for Package ouch

Last updated on 2019-06-19 05:48:15 CEST.

Flavor Version Tinstall Tcheck Ttotal Status Flags
r-devel-linux-x86_64-debian-clang 2.14-1 5.00 59.43 64.43 OK
r-devel-linux-x86_64-debian-gcc 2.14-1 3.52 46.24 49.76 OK
r-devel-linux-x86_64-fedora-clang 2.14-1 73.92 OK
r-devel-linux-x86_64-fedora-gcc 2.14-1 72.14 OK
r-devel-windows-ix86+x86_64 2.14-1 19.00 145.00 164.00 OK
r-patched-linux-x86_64 2.14-1 3.98 58.21 62.19 OK
r-patched-solaris-x86 2.14-1 107.80 OK
r-release-linux-x86_64 2.14-1 4.09 58.95 63.04 OK
r-release-windows-ix86+x86_64 2.14-1 35.00 143.00 178.00 OK
r-release-osx-x86_64 2.14-1 OK
r-oldrel-windows-ix86+x86_64 2.11-1 11.00 145.00 156.00 OK
r-oldrel-osx-x86_64 2.14-1 ERROR

Check Details

Version: 2.14-1
Check: whether package can be installed
Result: ERROR
    Installation failed.
Flavor: r-oldrel-osx-x86_64