CRAN Package Check Results for Package outcomerate

Last updated on 2024-06-19 06:58:09 CEST.

Flavor Version Tinstall Tcheck Ttotal Status Flags
r-devel-linux-x86_64-debian-clang 1.0.1 1.88 37.85 39.73 NOTE
r-devel-linux-x86_64-debian-gcc 1.0.1 1.84 29.21 31.05 NOTE
r-devel-linux-x86_64-fedora-clang 1.0.1 52.15 NOTE
r-devel-linux-x86_64-fedora-gcc 1.0.1 62.12 NOTE
r-devel-windows-x86_64 1.0.1 3.00 50.00 53.00 NOTE
r-patched-linux-x86_64 1.0.1 2.48 36.53 39.01 NOTE
r-release-linux-x86_64 1.0.1 2.47 36.28 38.75 NOTE
r-release-macos-arm64 1.0.1 27.00 NOTE
r-release-macos-x86_64 1.0.1 38.00 NOTE
r-release-windows-x86_64 1.0.1 3.00 52.00 55.00 NOTE
r-oldrel-macos-arm64 1.0.1 27.00 OK
r-oldrel-macos-x86_64 1.0.1 37.00 OK
r-oldrel-windows-x86_64 1.0.1 4.00 53.00 57.00 OK

Check Details

Version: 1.0.1
Check: Rd files
Result: NOTE checkRd: (-1) fmat.Rd:15: Lost braces; missing escapes or markup? 15 | \item outcome: codes {I, P, R, NC, O, UH, UO, eUH, eUO, NE} | ^ checkRd: (-1) fmat.Rd:24: Lost braces; missing escapes or markup? 24 | The input parameters given by the user are {I, P, R, NC, O, UH, UO} and | ^ checkRd: (-1) fmat.Rd:25: Lost braces; missing escapes or markup? 25 | the parameter 'e'. The parameter e is multiplied by {UH, UO} internally so as to | ^ checkRd: (-1) fmat.Rd:26: Lost braces; missing escapes or markup? 26 | produce {eUH, eUO}. | ^ checkRd: (-1) middleearth.Rd:14: Lost braces; missing escapes or markup? 14 | \item \strong{code:} one of the outcome codes {I, P, R, NC, O, UH, UO, UH, UO, NE} | ^ Flavors: r-devel-linux-x86_64-debian-clang, r-devel-linux-x86_64-debian-gcc, r-devel-linux-x86_64-fedora-clang, r-devel-linux-x86_64-fedora-gcc, r-devel-windows-x86_64, r-patched-linux-x86_64, r-release-linux-x86_64, r-release-macos-arm64, r-release-macos-x86_64, r-release-windows-x86_64