CRAN Package Check Results for Package overlapping

Last updated on 2020-02-21 05:47:18 CET.

Flavor Version Tinstall Tcheck Ttotal Status Flags
r-devel-linux-x86_64-debian-clang 1.5.4 3.37 41.43 44.80 ERROR
r-devel-linux-x86_64-debian-gcc 1.5.4 3.07 34.15 37.22 OK
r-devel-linux-x86_64-fedora-clang 1.5.4 59.84 OK
r-devel-linux-x86_64-fedora-gcc 1.5.4 57.57 OK
r-devel-windows-ix86+x86_64 1.5.4 10.00 58.00 68.00 OK
r-devel-windows-ix86+x86_64-gcc8 1.5.4 23.00 83.00 106.00 OK
r-patched-linux-x86_64 1.5.4 2.76 39.95 42.71 OK
r-patched-solaris-x86 1.5.4 81.00 OK
r-release-linux-x86_64 1.5.4 2.76 39.97 42.73 OK
r-release-windows-ix86+x86_64 1.5.4 6.00 60.00 66.00 OK
r-release-osx-x86_64 1.5.4 OK
r-oldrel-windows-ix86+x86_64 1.5.4 5.00 56.00 61.00 WARN
r-oldrel-osx-x86_64 1.5.4 OK

Check Details

Version: 1.5.4
Check: examples
Result: ERROR
    Running examples in 'overlapping-Ex.R' failed
    The error most likely occurred in:
    
    > base::assign(".ptime", proc.time(), pos = "CheckExEnv")
    > ### Name: final.plot
    > ### Title: Final plot
    > ### Aliases: final.plot
    > ### Keywords: utility
    >
    > ### ** Examples
    >
    > set.seed(20150605)
    > x <- list(X1=rnorm(100),X2=rt(50,8),X3=rchisq(80,2))
    > out <- overlap(x)
    > final.plot(x,out$OV)
    Error in grep(levels(AREA$k)[j], names(OV), fixed = TRUE) :
     invalid 'pattern' argument
    Calls: final.plot -> paste -> grep
    Execution halted
Flavor: r-devel-linux-x86_64-debian-clang

Version: 1.5.4
Check: whether package can be installed
Result: WARN
    Found the following significant warnings:
     Warning: S3 methods '[.fun_list', '[.grouped_df', 'all.equal.tbl_df', 'anti_join.data.frame', 'anti_join.tbl_df', 'arrange.data.frame', 'arrange.default', 'arrange.grouped_df', 'arrange.tbl_df', 'arrange_.data.frame', 'arrange_.tbl_df', 'as.data.frame.grouped_df', 'as.data.frame.rowwise_df', 'as.data.frame.tbl_cube', 'as.table.tbl_cube', 'as.tbl.data.frame', 'as.tbl.tbl', 'as.tbl_cube.array', 'as.tbl_cube.data.frame', 'as.tbl_cube.matrix', 'as.tbl_cube.table', 'as_tibble.grouped_df', 'as_tibble.tbl_cube', 'auto_copy.tbl_cube', 'auto_copy.tbl_df', 'cbind.grouped_df', 'collapse.data.frame', 'collect.data.frame', 'common_by.NULL', 'common_by.character', 'common_by.default', 'common_by.list', 'compute.data.frame', 'copy_to.DBIConnection', 'copy_to.src_local', 'default_missing.data.frame', 'default_missing.default', 'dim.tbl_cube', 'distinct.data.frame', 'distinct.default', 'distinct.grouped_df', 'distinct.tbl_df', 'distinct_.data.frame', 'distinct_.grouped_df', 'distinct_.tbl_df', 'do.NULL', 'do.da [... truncated]
Flavor: r-oldrel-windows-ix86+x86_64