CRAN Package Check Results for Package overture

Last updated on 2022-08-15 05:49:27 CEST.

Flavor Version Tinstall Tcheck Ttotal Status Flags
r-devel-linux-x86_64-debian-clang 0.4-0 1.78 32.86 34.64 NOTE
r-devel-linux-x86_64-debian-gcc 0.4-0 1.73 25.45 27.18 NOTE
r-devel-linux-x86_64-fedora-clang 0.4-0 53.53 NOTE
r-devel-linux-x86_64-fedora-gcc 0.4-0 61.50 NOTE
r-devel-windows-x86_64 0.4-0 11.00 61.00 72.00 NOTE
r-patched-linux-x86_64 0.4-0 4.03 30.96 34.99 NOTE
r-release-linux-x86_64 0.4-0 1.80 31.10 32.90 NOTE
r-release-macos-arm64 0.4-0 22.00 NOTE
r-release-macos-x86_64 0.4-0 30.00 NOTE
r-release-windows-x86_64 0.4-0 13.00 55.00 68.00 NOTE
r-oldrel-macos-arm64 0.4-0 27.00 NOTE
r-oldrel-macos-x86_64 0.4-0 41.00 NOTE
r-oldrel-windows-ix86+x86_64 0.4-0 6.00 50.00 56.00 NOTE

Check Details

Version: 0.4-0
Check: LazyData
Result: NOTE
     'LazyData' is specified without a 'data' directory
Flavors: r-devel-linux-x86_64-debian-clang, r-devel-linux-x86_64-debian-gcc, r-devel-linux-x86_64-fedora-clang, r-devel-linux-x86_64-fedora-gcc, r-devel-windows-x86_64, r-patched-linux-x86_64, r-release-linux-x86_64, r-release-macos-arm64, r-release-macos-x86_64, r-release-windows-x86_64, r-oldrel-macos-arm64, r-oldrel-macos-x86_64, r-oldrel-windows-ix86+x86_64