CRAN Package Check Results for Package pairsD3

Last updated on 2019-07-16 05:48:25 CEST.

Flavor Version Tinstall Tcheck Ttotal Status Flags
r-devel-linux-x86_64-debian-clang 0.1.0 2.52 25.36 27.88 NOTE
r-devel-linux-x86_64-debian-gcc 0.1.0 2.12 20.77 22.89 NOTE
r-devel-linux-x86_64-fedora-clang 0.1.0 33.33 NOTE
r-devel-linux-x86_64-fedora-gcc 0.1.0 32.26 NOTE
r-devel-windows-ix86+x86_64 0.1.0 11.00 42.00 53.00 NOTE
r-patched-linux-x86_64 0.1.0 2.29 25.52 27.81 NOTE
r-patched-solaris-x86 0.1.0 55.50 NOTE
r-release-linux-x86_64 0.1.0 2.45 25.34 27.79 NOTE
r-release-windows-ix86+x86_64 0.1.0 7.00 61.00 68.00 NOTE
r-release-osx-x86_64 0.1.0 NOTE
r-oldrel-windows-ix86+x86_64 0.1.0 7.00 40.00 47.00 NOTE
r-oldrel-osx-x86_64 0.1.0 NOTE

Check Details

Version: 0.1.0
Check: R code for possible problems
Result: NOTE
    pairsD3: no visible global function definition for 'gray.colors'
    Undefined global functions or variables:
     gray.colors
    Consider adding
     importFrom("grDevices", "gray.colors")
    to your NAMESPACE file.
Flavors: r-devel-linux-x86_64-debian-clang, r-devel-linux-x86_64-debian-gcc, r-devel-linux-x86_64-fedora-clang, r-devel-linux-x86_64-fedora-gcc, r-devel-windows-ix86+x86_64, r-patched-linux-x86_64, r-patched-solaris-x86, r-release-linux-x86_64, r-release-windows-ix86+x86_64, r-release-osx-x86_64, r-oldrel-windows-ix86+x86_64, r-oldrel-osx-x86_64