CRAN Package Check Results for Package pairsD3

Last updated on 2019-10-15 05:47:52 CEST.

Flavor Version Tinstall Tcheck Ttotal Status Flags
r-devel-linux-x86_64-debian-clang 0.1.0 2.72 26.03 28.75 NOTE
r-devel-linux-x86_64-debian-gcc 0.1.0 2.39 21.67 24.06 NOTE
r-devel-linux-x86_64-fedora-clang 0.1.0 36.05 NOTE
r-devel-linux-x86_64-fedora-gcc 0.1.0 34.94 NOTE
r-devel-windows-ix86+x86_64 0.1.0 7.00 43.00 50.00 NOTE
r-patched-linux-x86_64 0.1.0 2.49 25.78 28.27 NOTE
r-patched-solaris-x86 0.1.0 56.20 NOTE
r-release-linux-x86_64 0.1.0 2.40 26.21 28.61 NOTE
r-release-windows-ix86+x86_64 0.1.0 10.00 56.00 66.00 NOTE
r-release-osx-x86_64 0.1.0 NOTE
r-oldrel-windows-ix86+x86_64 0.1.0 4.00 42.00 46.00 NOTE
r-oldrel-osx-x86_64 0.1.0 NOTE

Check Details

Version: 0.1.0
Check: R code for possible problems
Result: NOTE
    pairsD3: no visible global function definition for 'gray.colors'
    Undefined global functions or variables:
     gray.colors
    Consider adding
     importFrom("grDevices", "gray.colors")
    to your NAMESPACE file.
Flavors: r-devel-linux-x86_64-debian-clang, r-devel-linux-x86_64-debian-gcc, r-devel-linux-x86_64-fedora-clang, r-devel-linux-x86_64-fedora-gcc, r-devel-windows-ix86+x86_64, r-patched-linux-x86_64, r-patched-solaris-x86, r-release-linux-x86_64, r-release-windows-ix86+x86_64, r-release-osx-x86_64, r-oldrel-windows-ix86+x86_64, r-oldrel-osx-x86_64