CRAN Package Check Results for Package pak

Last updated on 2020-02-20 05:48:29 CET.

Flavor Version Tinstall Tcheck Ttotal Status Flags
r-devel-linux-x86_64-debian-clang 0.1.2 9.47 86.00 95.47 OK
r-devel-linux-x86_64-debian-gcc 0.1.2 6.37 66.11 72.48 OK
r-devel-linux-x86_64-fedora-clang 0.1.2 107.97 NOTE
r-devel-linux-x86_64-fedora-gcc 0.1.2 105.82 OK
r-devel-windows-ix86+x86_64 0.1.2 12.00 108.00 120.00 OK
r-devel-windows-ix86+x86_64-gcc8 0.1.2 17.00 137.00 154.00 OK
r-patched-linux-x86_64 0.1.2 5.31 76.92 82.23 OK
r-patched-solaris-x86 0.1.2 121.10 OK
r-release-linux-x86_64 0.1.2 5.82 77.93 83.75 OK
r-release-windows-ix86+x86_64 0.1.2 11.00 89.00 100.00 OK
r-release-osx-x86_64 0.1.2 OK
r-oldrel-windows-ix86+x86_64 0.1.2 10.00 76.00 86.00 OK
r-oldrel-osx-x86_64 0.1.2 OK

Check Details

Version: 0.1.2
Check: package dependencies
Result: NOTE
    Imports includes 21 non-default packages.
    Importing from so many packages makes the package vulnerable to any of
    them becoming unavailable. Move as many as possible to Suggests and
    use conditionally.
Flavor: r-devel-linux-x86_64-fedora-clang