CRAN Package Check Results for Package pammtools

Last updated on 2022-01-28 05:49:05 CET.

Flavor Version Tinstall Tcheck Ttotal Status Flags
r-devel-linux-x86_64-debian-clang 0.5.8 15.91 178.22 194.13 OK
r-devel-linux-x86_64-debian-gcc 0.5.8 13.15 148.43 161.58 OK
r-devel-linux-x86_64-fedora-clang 0.5.8 226.16 OK
r-devel-linux-x86_64-fedora-gcc 0.5.8 220.24 OK
r-devel-windows-x86_64-new-UL 0.5.8 176.00 217.00 393.00 OK
r-devel-windows-x86_64-new-TK 0.5.8 OK
r-patched-linux-x86_64 0.5.8 21.84 163.35 185.19 OK
r-release-linux-x86_64 0.5.8 15.24 166.19 181.43 OK
r-release-macos-arm64 0.5.8 OK
r-release-macos-x86_64 0.5.8 WARN --as-cran
r-release-windows-ix86+x86_64 0.5.8 26.00 194.00 220.00 OK
r-oldrel-macos-x86_64 0.5.8 OK
r-oldrel-windows-ix86+x86_64 0.5.8 35.00 198.00 233.00 OK

Check Details

Version: 0.5.8
Flags: --as-cran
Check: CRAN incoming feasibility
Result: WARN
    Maintainer: ‘Andreas Bender <andreas.bender@stat.uni-muenchen.de>’
    
    Insufficient package version (submitted: 0.5.8, existing: 0.5.8)
    
    Days since last update: 0
Flavor: r-release-macos-x86_64

Version: 0.5.8
Flags: --as-cran
Check: top-level files
Result: NOTE
    Files ‘README.md’ or ‘NEWS.md’ cannot be checked without ‘pandoc’ being installed.
Flavor: r-release-macos-x86_64