CRAN Package Check Results for Package panelr

Last updated on 2019-08-23 05:47:00 CEST.

Flavor Version Tinstall Tcheck Ttotal Status Flags
r-devel-linux-x86_64-debian-clang 0.7.1 14.25 192.59 206.84 OK
r-devel-linux-x86_64-debian-gcc 0.7.1 12.59 145.35 157.94 OK
r-devel-linux-x86_64-fedora-clang 0.7.1 235.20 OK
r-devel-linux-x86_64-fedora-gcc 0.7.1 239.88 OK
r-devel-windows-ix86+x86_64 0.7.1 43.00 245.00 288.00 OK
r-patched-linux-x86_64 0.7.1 15.11 185.99 201.10 OK
r-patched-solaris-x86 0.7.1 353.90 OK
r-release-linux-x86_64 0.7.1 16.18 187.89 204.07 OK
r-release-windows-ix86+x86_64 0.7.1 40.00 283.00 323.00 OK
r-release-osx-x86_64 0.7.1 OK
r-oldrel-windows-ix86+x86_64 0.7.1 17.00 170.00 187.00 WARN
r-oldrel-osx-x86_64 0.7.1 WARN

Check Details

Version: 0.7.1
Check: for missing documentation entries
Result: WARN
    Undocumented code objects:
     'knit_print.summary.panel_data'
    All user-level objects in a package should have documentation entries.
    See chapter 'Writing R documentation files' in the 'Writing R
    Extensions' manual.
Flavors: r-oldrel-windows-ix86+x86_64, r-oldrel-osx-x86_64