CRAN Package Check Results for Package panelr

Last updated on 2020-01-20 05:47:21 CET.

Flavor Version Tinstall Tcheck Ttotal Status Flags
r-devel-linux-x86_64-debian-clang 0.7.1 17.15 223.63 240.78 OK
r-devel-linux-x86_64-debian-gcc 0.7.1 13.65 166.21 179.86 OK
r-devel-linux-x86_64-fedora-clang 0.7.1 289.40 OK
r-devel-linux-x86_64-fedora-gcc 0.7.1 293.03 OK
r-devel-windows-ix86+x86_64 0.7.1 43.00 328.00 371.00 OK
r-devel-windows-ix86+x86_64-gcc8 0.7.1 31.00 230.00 261.00 OK
r-patched-linux-x86_64 0.7.1 13.21 192.12 205.33 OK
r-patched-solaris-x86 0.7.1 349.80 OK
r-release-linux-x86_64 0.7.1 14.32 196.10 210.42 OK
r-release-windows-ix86+x86_64 0.7.1 45.00 281.00 326.00 OK
r-release-osx-x86_64 0.7.1 OK
r-oldrel-windows-ix86+x86_64 0.7.1 16.00 200.00 216.00 WARN
r-oldrel-osx-x86_64 0.7.1 WARN

Check Details

Version: 0.7.1
Check: for missing documentation entries
Result: WARN
    Undocumented code objects:
     'knit_print.summary.panel_data'
    All user-level objects in a package should have documentation entries.
    See chapter 'Writing R documentation files' in the 'Writing R
    Extensions' manual.
Flavors: r-oldrel-windows-ix86+x86_64, r-oldrel-osx-x86_64