CRAN Package Check Results for Package panelvar

Last updated on 2024-06-14 06:53:42 CEST.

Flavor Version Tinstall Tcheck Ttotal Status Flags
r-devel-linux-x86_64-debian-clang 0.5.5 15.00 131.30 146.30 NOTE
r-devel-linux-x86_64-debian-gcc 0.5.5 12.37 94.11 106.48 NOTE
r-devel-linux-x86_64-fedora-clang 0.5.5 177.67 NOTE
r-devel-linux-x86_64-fedora-gcc 0.5.5 166.49 NOTE
r-devel-windows-x86_64 0.5.5 14.00 108.00 122.00 NOTE
r-patched-linux-x86_64 0.5.5 12.24 122.26 134.50 NOTE
r-release-linux-x86_64 0.5.5 17.17 120.15 137.32 NOTE
r-release-macos-arm64 0.5.5 45.00 OK
r-release-macos-x86_64 0.5.5 79.00 OK
r-release-windows-x86_64 0.5.5 15.00 109.00 124.00 NOTE
r-oldrel-macos-arm64 0.5.5 52.00 OK
r-oldrel-macos-x86_64 0.5.5 90.00 OK
r-oldrel-windows-x86_64 0.5.5 20.00 134.00 154.00 OK

Check Details

Version: 0.5.5
Check: HTML version of manual
Result: NOTE Found the following HTML validation problems: pvargmm.html:141:282 (pvargmm.Rd:79): Warning: trimming empty <p> Flavors: r-devel-linux-x86_64-debian-clang, r-devel-linux-x86_64-debian-gcc, r-devel-linux-x86_64-fedora-clang, r-devel-linux-x86_64-fedora-gcc, r-devel-windows-x86_64, r-patched-linux-x86_64, r-release-linux-x86_64, r-release-windows-x86_64