CRAN Package Check Results for Package parallelPlot

Last updated on 2022-01-20 05:50:30 CET.

Flavor Version Tinstall Tcheck Ttotal Status Flags
r-devel-linux-x86_64-debian-clang 0.1.0 NOTE
r-devel-linux-x86_64-debian-gcc 0.1.0 1.79 30.24 32.03 NOTE
r-devel-linux-x86_64-fedora-clang 0.1.0 51.61 NOTE
r-devel-linux-x86_64-fedora-gcc 0.1.0 43.87 NOTE
r-devel-windows-x86_64-new-UL 0.1.0 63.00 66.00 129.00 NOTE
r-devel-windows-x86_64-new-TK 0.1.0 NOTE
r-patched-linux-x86_64 0.1.0 1.98 37.71 39.69 NOTE
r-release-linux-x86_64 0.1.0 NOTE
r-release-macos-arm64 0.1.0 NOTE
r-release-macos-x86_64 0.1.0 WARN
r-release-windows-ix86+x86_64 0.1.0 7.00 48.00 55.00 NOTE
r-oldrel-macos-x86_64 0.1.0 WARN
r-oldrel-windows-ix86+x86_64 0.1.0 8.00 50.00 58.00 OK

Check Details

Version: 0.1.0
Check: LazyData
Result: NOTE
     'LazyData' is specified without a 'data' directory
Flavors: r-devel-linux-x86_64-debian-clang, r-devel-linux-x86_64-debian-gcc, r-devel-linux-x86_64-fedora-clang, r-devel-linux-x86_64-fedora-gcc, r-devel-windows-x86_64-new-UL, r-devel-windows-x86_64-new-TK, r-patched-linux-x86_64, r-release-linux-x86_64, r-release-macos-arm64, r-release-macos-x86_64, r-release-windows-ix86+x86_64

Version: 0.1.0
Check: re-building of vignette outputs
Result: WARN
    Error(s) in re-building vignettes:
     ...
    --- re-building ‘introduction-to-parallelplot.Rmd’ using rmarkdown
    Warning in engine$weave(file, quiet = quiet, encoding = enc) :
     Pandoc (>= 1.12.3) not available. Falling back to R Markdown v1.
    Quitting from lines 25-26 (introduction-to-parallelplot.Rmd)
    Error: processing vignette 'introduction-to-parallelplot.Rmd' failed with diagnostics:
    invalid 'path' argument
    --- failed re-building ‘introduction-to-parallelplot.Rmd’
    
    SUMMARY: processing the following file failed:
     ‘introduction-to-parallelplot.Rmd’
    
    Error: Vignette re-building failed.
    Execution halted
Flavor: r-release-macos-x86_64

Version: 0.1.0
Check: re-building of vignette outputs
Result: WARN
    Error(s) in re-building vignettes:
     ...
    --- re-building ‘introduction-to-parallelplot.Rmd’ using rmarkdown
    Warning in engine$weave(file, quiet = quiet, encoding = enc) :
     Pandoc (>= 1.12.3) and/or pandoc-citeproc not available. Falling back to R Markdown v1.
    Quitting from lines 25-26 (introduction-to-parallelplot.Rmd)
    Error: processing vignette 'introduction-to-parallelplot.Rmd' failed with diagnostics:
    cannot open the connection
    --- failed re-building ‘introduction-to-parallelplot.Rmd’
    
    SUMMARY: processing the following file failed:
     ‘introduction-to-parallelplot.Rmd’
    
    Error: Vignette re-building failed.
    Execution halted
Flavor: r-oldrel-macos-x86_64