CRAN Package Check Results for Package parcats

Last updated on 2021-12-07 05:55:12 CET.

Flavor Version Tinstall Tcheck Ttotal Status Flags
r-devel-linux-x86_64-debian-clang 0.0.3 13.48 156.92 170.40 OK
r-devel-linux-x86_64-debian-gcc 0.0.3 12.47 118.51 130.98 OK
r-devel-linux-x86_64-fedora-clang 0.0.3 203.61 NOTE
r-devel-linux-x86_64-fedora-gcc 0.0.3 194.62 NOTE
r-devel-windows-x86_64-new-UL 0.0.3 27.00 192.00 219.00 OK
r-devel-windows-x86_64-new-TK 0.0.3 NOTE
r-devel-windows-x86_64-old 0.0.3 22.00 128.00 150.00 OK
r-patched-linux-x86_64 0.0.3 14.08 149.96 164.04 OK
r-release-linux-x86_64 0.0.3 10.53 149.01 159.54 OK
r-release-macos-arm64 0.0.3 NOTE
r-release-macos-x86_64 0.0.3 NOTE
r-release-windows-ix86+x86_64 0.0.3 24.00 175.00 199.00 OK
r-oldrel-macos-x86_64 0.0.3 NOTE
r-oldrel-windows-ix86+x86_64 0.0.3 33.00 180.00 213.00 OK

Check Details

Version: 0.0.3
Check: dependencies in R code
Result: NOTE
    Namespaces in Imports field not imported from:
     ‘magrittr’ ‘tibble’
     All declared Imports should be used.
Flavors: r-devel-linux-x86_64-fedora-clang, r-devel-linux-x86_64-fedora-gcc, r-devel-windows-x86_64-new-TK, r-release-macos-arm64, r-release-macos-x86_64, r-oldrel-macos-x86_64