CRAN Package Check Results for Package parcoords

Last updated on 2020-01-17 05:47:19 CET.

Flavor Version Tinstall Tcheck Ttotal Status Flags
r-devel-linux-x86_64-debian-clang 1.0.0 3.08 32.80 35.88 NOTE
r-devel-linux-x86_64-debian-gcc 1.0.0 2.61 26.09 28.70 NOTE
r-devel-linux-x86_64-fedora-clang 1.0.0 43.91 OK
r-devel-linux-x86_64-fedora-gcc 1.0.0 43.31 OK
r-devel-windows-ix86+x86_64 1.0.0 14.00 70.00 84.00 NOTE
r-devel-windows-ix86+x86_64-gcc8 1.0.0 11.00 48.00 59.00 NOTE
r-patched-linux-x86_64 1.0.0 2.54 30.54 33.08 OK
r-patched-solaris-x86 1.0.0 60.90 WARN
r-release-linux-x86_64 1.0.0 2.73 30.67 33.40 OK
r-release-windows-ix86+x86_64 1.0.0 13.00 65.00 78.00 OK
r-release-osx-x86_64 1.0.0 WARN
r-oldrel-windows-ix86+x86_64 1.0.0 8.00 44.00 52.00 OK
r-oldrel-osx-x86_64 1.0.0 WARN

Check Details

Version: 1.0.0
Check: package vignettes
Result: NOTE
    Package vignette with placeholder title 'Vignette Title':
     'introduction-to-parcoords-.Rmd'
Flavors: r-devel-linux-x86_64-debian-clang, r-devel-linux-x86_64-debian-gcc, r-devel-windows-ix86+x86_64, r-devel-windows-ix86+x86_64-gcc8

Version: 1.0.0
Check: re-building of vignette outputs
Result: WARN
    Error(s) in re-building vignettes:
     ...
    --- re-building ‘introduction-to-parcoords-.Rmd’ using rmarkdown
    Warning in engine$weave(file, quiet = quiet, encoding = enc) :
     Pandoc (>= 1.12.3) and/or pandoc-citeproc not available. Falling back to R Markdown v1.
    Quitting from lines 27-30 (introduction-to-parcoords-.Rmd)
    Error: processing vignette 'introduction-to-parcoords-.Rmd' failed with diagnostics:
    there is no package called 'webshot'
    --- failed re-building ‘introduction-to-parcoords-.Rmd’
    
    SUMMARY: processing the following file failed:
     ‘introduction-to-parcoords-.Rmd’
    
    Error: Vignette re-building failed.
    Execution halted
Flavor: r-patched-solaris-x86

Version: 1.0.0
Check: re-building of vignette outputs
Result: WARN
    Error(s) in re-building vignettes:
     ...
    --- re-building ‘introduction-to-parcoords-.Rmd’ using rmarkdown
    Warning in engine$weave(file, quiet = quiet, encoding = enc) :
     Pandoc (>= 1.12.3) and/or pandoc-citeproc not available. Falling back to R Markdown v1.
    Quitting from lines 27-30 (introduction-to-parcoords-.Rmd)
    Error: processing vignette 'introduction-to-parcoords-.Rmd' failed with diagnostics:
    cannot open the connection
    --- failed re-building ‘introduction-to-parcoords-.Rmd’
    
    SUMMARY: processing the following file failed:
     ‘introduction-to-parcoords-.Rmd’
    
    Error: Vignette re-building failed.
    Execution halted
Flavor: r-release-osx-x86_64

Version: 1.0.0
Check: re-building of vignette outputs
Result: WARN
    Error in re-building vignettes:
     ...
    Warning in engine$weave(file, quiet = quiet, encoding = enc) :
     Pandoc (>= 1.12.3) and/or pandoc-citeproc not available. Falling back to R Markdown v1.
    Quitting from lines 27-30 (introduction-to-parcoords-.Rmd)
    Error: processing vignette 'introduction-to-parcoords-.Rmd' failed with diagnostics:
    cannot open the connection
    Execution halted
Flavor: r-oldrel-osx-x86_64