CRAN Package Check Results for Package parfm

Last updated on 2022-01-24 05:51:57 CET.

Flavor Version Tinstall Tcheck Ttotal Status Flags
r-devel-linux-x86_64-debian-clang 2.7.6 7.36 227.76 235.12 NOTE
r-devel-linux-x86_64-debian-gcc 2.7.6 8.41 165.71 174.12 NOTE
r-devel-linux-x86_64-fedora-clang 2.7.6 281.09 NOTE
r-devel-linux-x86_64-fedora-gcc 2.7.6 290.90 NOTE
r-devel-windows-x86_64-new-UL 2.7.6 36.00 263.00 299.00 OK
r-devel-windows-x86_64-new-TK 2.7.6 OK
r-patched-linux-x86_64 2.7.6 15.40 215.04 230.44 NOTE
r-release-linux-x86_64 2.7.6 7.92 215.07 222.99 NOTE
r-release-macos-arm64 2.7.6 OK
r-release-macos-x86_64 2.7.6 OK
r-release-windows-ix86+x86_64 2.7.6 22.00 256.00 278.00 OK
r-oldrel-macos-x86_64 2.7.6 OK
r-oldrel-windows-ix86+x86_64 2.7.6 20.00 254.00 274.00 OK

Check Details

Version: 2.7.6
Check: for non-standard things in the check directory
Result: NOTE
    Found the following files/directories:
     'NUL'
Flavors: r-devel-linux-x86_64-debian-clang, r-devel-linux-x86_64-debian-gcc, r-devel-linux-x86_64-fedora-clang, r-devel-linux-x86_64-fedora-gcc, r-patched-linux-x86_64, r-release-linux-x86_64