CRAN Package Check Results for Package parsermd

Last updated on 2022-01-27 05:56:01 CET.

Flavor Version Tinstall Tcheck Ttotal Status Flags
r-devel-linux-x86_64-debian-clang 0.1.2 48.76 64.20 112.96 OK
r-devel-linux-x86_64-debian-gcc 0.1.2 33.76 50.23 83.99 OK
r-devel-linux-x86_64-fedora-clang 0.1.2 163.71 NOTE
r-devel-linux-x86_64-fedora-gcc 0.1.2 137.84 OK
r-devel-windows-x86_64-new-UL 0.1.2 250.00 129.00 379.00 OK
r-devel-windows-x86_64-new-TK 0.1.2 OK
r-patched-linux-x86_64 0.1.2 37.85 61.05 98.90 OK
r-release-linux-x86_64 0.1.2 41.64 60.00 101.64 OK
r-release-macos-arm64 0.1.2 NOTE
r-release-macos-x86_64 0.1.2 NOTE
r-release-windows-ix86+x86_64 0.1.2 107.00 108.00 215.00 OK
r-oldrel-macos-x86_64 0.1.2 NOTE
r-oldrel-windows-ix86+x86_64 0.1.2 106.00 118.00 224.00 OK

Check Details

Version: 0.1.2
Check: installed package size
Result: NOTE
     installed size is 6.2Mb
     sub-directories of 1Mb or more:
     libs 5.8Mb
Flavors: r-devel-linux-x86_64-fedora-clang, r-release-macos-arm64, r-release-macos-x86_64, r-oldrel-macos-x86_64