CRAN Package Check Results for Package partition

Last updated on 2021-12-03 05:52:07 CET.

Flavor Version Tinstall Tcheck Ttotal Status Flags
r-devel-linux-x86_64-debian-clang 0.1.4 97.37 297.07 394.44 OK
r-devel-linux-x86_64-debian-gcc 0.1.4 76.08 209.17 285.25 OK
r-devel-linux-x86_64-fedora-clang 0.1.4 519.57 NOTE
r-devel-linux-x86_64-fedora-gcc 0.1.4 489.36 OK
r-devel-windows-x86_64-new-UL 0.1.4 141.00 391.00 532.00 OK
r-devel-windows-x86_64-new-TK 0.1.4 OK
r-devel-windows-x86_64-old 0.1.4 136.00 301.00 437.00 OK
r-patched-linux-x86_64 0.1.4 91.86 277.20 369.06 OK
r-patched-solaris-x86 0.1.4 270.10 OK
r-release-linux-x86_64 0.1.4 86.87 277.55 364.42 OK
r-release-macos-arm64 0.1.4 NOTE
r-release-macos-x86_64 0.1.4 NOTE
r-release-windows-ix86+x86_64 0.1.4 258.00 442.00 700.00 NOTE
r-oldrel-macos-x86_64 0.1.4 NOTE
r-oldrel-windows-ix86+x86_64 0.1.4 258.00 481.00 739.00 NOTE

Check Details

Version: 0.1.4
Check: installed package size
Result: NOTE
     installed size is 6.0Mb
     sub-directories of 1Mb or more:
     doc 1.2Mb
     libs 3.6Mb
Flavors: r-devel-linux-x86_64-fedora-clang, r-release-macos-arm64, r-release-macos-x86_64, r-release-windows-ix86+x86_64, r-oldrel-macos-x86_64, r-oldrel-windows-ix86+x86_64