CRAN Package Check Results for Package patPRO

Last updated on 2019-05-25 05:46:52 CEST.

Flavor Version Tinstall Tcheck Ttotal Status Flags
r-devel-linux-x86_64-debian-clang 1.1.0 4.22 41.79 46.01 NOTE
r-devel-linux-x86_64-debian-gcc 1.1.0 3.41 32.76 36.17 NOTE
r-devel-linux-x86_64-fedora-clang 1.1.0 54.36 NOTE
r-devel-linux-x86_64-fedora-gcc 1.1.0 51.89 NOTE
r-devel-windows-ix86+x86_64 1.1.0 10.00 87.00 97.00 NOTE
r-patched-linux-x86_64 1.1.0 NOTE
r-patched-solaris-x86 1.1.0 82.80 NOTE
r-release-linux-x86_64 1.1.0 3.97 41.57 45.54 NOTE
r-release-windows-ix86+x86_64 1.1.0 17.00 59.00 76.00 NOTE
r-release-osx-x86_64 1.1.0 NOTE
r-oldrel-windows-ix86+x86_64 1.1.0 9.00 54.00 63.00 NOTE
r-oldrel-osx-x86_64 1.1.0 NOTE

Check Details

Version: 1.1.0
Check: DESCRIPTION meta-information
Result: NOTE
    Checking should be performed on sources prepared by 'R CMD build'.
Flavors: r-devel-linux-x86_64-debian-clang, r-devel-linux-x86_64-debian-gcc, r-devel-linux-x86_64-fedora-clang, r-devel-linux-x86_64-fedora-gcc, r-devel-windows-ix86+x86_64, r-patched-linux-x86_64, r-patched-solaris-x86, r-release-linux-x86_64, r-release-windows-ix86+x86_64, r-release-osx-x86_64, r-oldrel-windows-ix86+x86_64, r-oldrel-osx-x86_64