CRAN Package Check Results for Package patPRO

Last updated on 2019-08-18 05:46:20 CEST.

Flavor Version Tinstall Tcheck Ttotal Status Flags
r-devel-linux-x86_64-debian-clang 1.1.0 4.21 42.62 46.83 NOTE
r-devel-linux-x86_64-debian-gcc 1.1.0 3.56 33.03 36.59 NOTE
r-devel-linux-x86_64-fedora-gcc 1.1.0 52.16 NOTE
r-devel-windows-ix86+x86_64 1.1.0 15.00 76.00 91.00 NOTE
r-patched-linux-x86_64 1.1.0 4.42 41.38 45.80 NOTE
r-patched-solaris-x86 1.1.0 91.10 NOTE
r-release-linux-x86_64 1.1.0 4.10 41.13 45.23 NOTE
r-release-windows-ix86+x86_64 1.1.0 17.00 80.00 97.00 NOTE
r-release-osx-x86_64 1.1.0 NOTE
r-oldrel-windows-ix86+x86_64 1.1.0 8.00 74.00 82.00 NOTE
r-oldrel-osx-x86_64 1.1.0 NOTE

Check Details

Version: 1.1.0
Check: DESCRIPTION meta-information
Result: NOTE
    Checking should be performed on sources prepared by 'R CMD build'.
Flavors: r-devel-linux-x86_64-debian-clang, r-devel-linux-x86_64-debian-gcc, r-devel-linux-x86_64-fedora-gcc, r-devel-windows-ix86+x86_64, r-patched-linux-x86_64, r-patched-solaris-x86, r-release-linux-x86_64, r-release-windows-ix86+x86_64, r-release-osx-x86_64, r-oldrel-windows-ix86+x86_64, r-oldrel-osx-x86_64