CRAN Package Check Results for Package pathfindR

Last updated on 2019-12-09 05:47:21 CET.

Flavor Version Tinstall Tcheck Ttotal Status Flags
r-devel-linux-x86_64-debian-clang 1.4.2 27.55 410.51 438.06 OK
r-devel-linux-x86_64-debian-gcc 1.4.2 22.99 335.41 358.40 OK
r-devel-linux-x86_64-fedora-clang 1.4.2 587.86 NOTE
r-devel-linux-x86_64-fedora-gcc 1.4.2 283.22 OK
r-devel-windows-ix86+x86_64 1.4.1 49.00 526.00 575.00 NOTE
r-devel-windows-ix86+x86_64-gcc8 1.4.1 50.00 519.00 569.00 NOTE
r-patched-linux-x86_64 1.4.1 26.63 386.76 413.39 OK
r-release-linux-x86_64 1.4.2 25.73 391.62 417.35 OK
r-release-windows-ix86+x86_64 1.4.2 60.00 494.00 554.00 NOTE
r-release-osx-x86_64 1.4.2 ERROR
r-oldrel-windows-ix86+x86_64 1.3.0 272.00 681.00 953.00 NOTE
r-oldrel-osx-x86_64 1.4.2 ERROR

Check Details

Version: 1.4.2
Check: installed package size
Result: NOTE
     installed size is 6.4Mb
     sub-directories of 1Mb or more:
     R 2.6Mb
     data 1.2Mb
     doc 2.1Mb
Flavors: r-devel-linux-x86_64-fedora-clang, r-release-windows-ix86+x86_64

Version: 1.4.1
Check: installed package size
Result: NOTE
     installed size is 6.3Mb
     sub-directories of 1Mb or more:
     R 2.6Mb
     data 1.2Mb
     doc 2.1Mb
Flavors: r-devel-windows-ix86+x86_64, r-devel-windows-ix86+x86_64-gcc8

Version: 1.4.2
Check: package dependencies
Result: ERROR
    Package required but not available: ‘org.Hs.eg.db’
    
    See section ‘The DESCRIPTION file’ in the ‘Writing R Extensions’
    manual.
Flavor: r-release-osx-x86_64

Version: 1.3.0
Check: installed package size
Result: NOTE
     installed size is 13.7Mb
     sub-directories of 1Mb or more:
     data 2.5Mb
     doc 1.3Mb
     extdata 9.5Mb
Flavor: r-oldrel-windows-ix86+x86_64

Version: 1.4.2
Check: whether package can be installed
Result: ERROR
    Installation failed.
Flavor: r-oldrel-osx-x86_64