CRAN Package Check Results for Package pathlit

Last updated on 2021-11-29 05:49:53 CET.

Flavor Version Tinstall Tcheck Ttotal Status Flags
r-devel-linux-x86_64-debian-clang 0.1.0 OK
r-devel-linux-x86_64-debian-gcc 0.1.0 4.08 32.41 36.49 OK
r-devel-linux-x86_64-fedora-clang 0.1.0 66.70 NOTE
r-devel-linux-x86_64-fedora-gcc 0.1.0 57.52 NOTE
r-devel-windows-x86_64-new-UL 0.1.0 12.00 76.00 88.00 OK
r-devel-windows-x86_64-new-TK 0.1.0 NOTE
r-devel-windows-x86_64-old 0.1.0 6.00 70.00 76.00 OK
r-patched-linux-x86_64 0.1.0 4.10 41.06 45.16 OK
r-patched-solaris-x86 0.1.0 84.60 NOTE
r-release-linux-x86_64 0.1.0 4.40 41.61 46.01 OK
r-release-macos-arm64 0.1.0 NOTE
r-release-macos-x86_64 0.1.0 NOTE
r-release-windows-ix86+x86_64 0.1.0 12.00 44.00 56.00 OK
r-oldrel-macos-x86_64 0.1.0 NOTE
r-oldrel-windows-ix86+x86_64 0.1.0 12.00 64.00 76.00 OK

Check Details

Version: 0.1.0
Check: dependencies in R code
Result: NOTE
    Namespaces in Imports field not imported from:
     ‘testthat’ ‘usethis’ ‘utils’
     All declared Imports should be used.
Flavors: r-devel-linux-x86_64-fedora-clang, r-devel-linux-x86_64-fedora-gcc, r-devel-windows-x86_64-new-TK, r-patched-solaris-x86, r-release-macos-arm64, r-release-macos-x86_64, r-oldrel-macos-x86_64