CRAN Package Check Results for Package patternplot

Last updated on 2021-10-16 05:51:31 CEST.

Flavor Version Tinstall Tcheck Ttotal Status Flags
r-devel-linux-x86_64-debian-clang 1.0.0 56.11 227.69 283.80 NOTE
r-devel-linux-x86_64-debian-gcc 1.0.0 42.64 155.80 198.44 NOTE
r-devel-linux-x86_64-fedora-clang 1.0.0 387.15 NOTE
r-devel-linux-x86_64-fedora-gcc 1.0.0 359.06 NOTE
r-devel-windows-x86_64 1.0.0 64.00 206.00 270.00 NOTE
r-devel-windows-x86_64-gcc10-UCRT 1.0.0 NOTE
r-patched-linux-x86_64 1.0.0 51.99 90.67 142.66 NOTE
r-patched-solaris-x86 1.0.0 243.60 NOTE
r-release-linux-x86_64 1.0.0 51.95 90.93 142.88 NOTE
r-release-macos-arm64 1.0.0 NOTE
r-release-macos-x86_64 1.0.0 NOTE
r-release-windows-ix86+x86_64 1.0.0 151.00 204.00 355.00 NOTE
r-oldrel-macos-x86_64 1.0.0 NOTE
r-oldrel-windows-ix86+x86_64 1.0.0 152.00 203.00 355.00 NOTE

Check Details

Version: 1.0.0
Check: for GNU extensions in Makefiles
Result: NOTE
    GNU make is a SystemRequirements.
Flavors: r-devel-linux-x86_64-debian-clang, r-devel-linux-x86_64-debian-gcc, r-devel-linux-x86_64-fedora-clang, r-devel-linux-x86_64-fedora-gcc, r-devel-windows-x86_64, r-devel-windows-x86_64-gcc10-UCRT, r-patched-linux-x86_64, r-patched-solaris-x86, r-release-linux-x86_64, r-release-macos-arm64, r-release-macos-x86_64, r-release-windows-ix86+x86_64, r-oldrel-macos-x86_64, r-oldrel-windows-ix86+x86_64