CRAN Package Check Results for Package paws.security.identity

Last updated on 2020-09-22 05:50:58 CEST.

Flavor Version Tinstall Tcheck Ttotal Status Flags
r-devel-linux-x86_64-debian-clang 0.1.9 62.95 123.82 186.77 OK
r-devel-linux-x86_64-debian-gcc 0.1.9 1.44 3.51 4.95 ERROR
r-devel-linux-x86_64-fedora-clang 0.1.9 247.03 OK
r-devel-linux-x86_64-fedora-gcc 0.1.9 237.44 OK
r-devel-windows-ix86+x86_64 0.1.9 102.00 130.00 232.00 OK
r-patched-linux-x86_64 0.1.9 68.77 124.52 193.29 OK
r-patched-solaris-x86 0.1.9 292.80 OK
r-release-linux-x86_64 0.1.9 64.67 127.17 191.84 OK
r-release-macos-x86_64 0.1.9 OK
r-release-windows-ix86+x86_64 0.1.9 104.00 120.00 224.00 OK
r-oldrel-macos-x86_64 0.1.9 OK
r-oldrel-windows-ix86+x86_64 0.1.9 70.00 153.00 223.00 OK

Check Details

Version: 0.1.9
Check: whether package can be installed
Result: ERROR
    Installation failed.
Flavor: r-devel-linux-x86_64-debian-gcc