CRAN Package Check Results for Package pcaPP

Last updated on 2020-11-27 05:49:04 CET.

Flavor Version Tinstall Tcheck Ttotal Status Flags
r-devel-linux-x86_64-debian-clang 1.9-73 20.04 51.31 71.35 OK
r-devel-linux-x86_64-debian-gcc 1.9-73 17.83 39.86 57.69 OK
r-devel-linux-x86_64-fedora-clang 1.9-73 85.88 NOTE
r-devel-linux-x86_64-fedora-gcc 1.9-73 83.94 OK
r-devel-windows-ix86+x86_64 1.9-73 39.00 94.00 133.00 OK
r-patched-linux-x86_64 1.9-73 26.88 50.18 77.06 OK
r-patched-solaris-x86 1.9-73 107.00 OK
r-release-linux-x86_64 1.9-73 27.70 47.84 75.54 OK
r-release-macos-x86_64 1.9-73 OK
r-release-windows-ix86+x86_64 1.9-73 36.00 71.00 107.00 OK
r-oldrel-macos-x86_64 1.9-73 OK
r-oldrel-windows-ix86+x86_64 1.9-73 56.00 83.00 139.00 OK

Check Details

Version: 1.9-73
Check: Rd cross-references
Result: NOTE
    Undeclared package ‘robustbase’ in Rd xrefs
Flavor: r-devel-linux-x86_64-fedora-clang