CRAN Package Check Results for Package pcev

Last updated on 2024-06-19 06:58:09 CEST.

Flavor Version Tinstall Tcheck Ttotal Status Flags
r-devel-linux-x86_64-debian-clang 2.2.2 3.48 47.41 50.89 OK
r-devel-linux-x86_64-debian-gcc 2.2.2 2.51 35.37 37.88 OK
r-devel-linux-x86_64-fedora-clang 2.2.2 65.85 OK
r-devel-linux-x86_64-fedora-gcc 2.2.2 73.13 OK
r-devel-windows-x86_64 2.2.2 3.00 66.00 69.00 OK
r-patched-linux-x86_64 2.2.2 3.62 44.77 48.39 OK
r-release-linux-x86_64 2.2.2 3.32 44.46 47.78 OK
r-release-macos-arm64 2.2.2 26.00 OK
r-release-macos-x86_64 2.2.2 39.00 WARN
r-release-windows-x86_64 2.2.2 6.00 67.00 73.00 OK
r-oldrel-macos-arm64 2.2.2 31.00 OK
r-oldrel-macos-x86_64 2.2.2 45.00 OK
r-oldrel-windows-x86_64 2.2.2 4.00 70.00 74.00 OK

Check Details

Version: 2.2.2
Check: re-building of vignette outputs
Result: WARN Error(s) in re-building vignettes: ... --- re-building ‘pcev.Rnw’ using knitr Error: processing vignette 'pcev.Rnw' failed with diagnostics: Running 'texi2dvi' on 'pcev.tex' failed. LaTeX errors: ! Undefined control sequence. l.121 \hlkwd{library}\hldef {(pcev)} ? ! Emergency stop. ! Emergency stop. l.121 End of file on the terminal! ! ==> Fatal error occurred, no output PDF file produced! --- failed re-building ‘pcev.Rnw’ SUMMARY: processing the following file failed: ‘pcev.Rnw’ Error: Vignette re-building failed. Execution halted Flavor: r-release-macos-x86_64