CRAN Package Check Results for Package pct

Last updated on 2022-01-22 05:10:26 CET.

Flavor Version Tinstall Tcheck Ttotal Status Flags
r-devel-linux-x86_64-debian-clang 0.9.3 4.75 220.73 225.48 OK
r-devel-linux-x86_64-debian-gcc 0.9.3 3.25 163.35 166.60 OK
r-devel-linux-x86_64-fedora-clang 0.9.3 270.22 NOTE
r-devel-linux-x86_64-fedora-gcc 0.9.3 275.00 NOTE
r-devel-windows-x86_64-new-UL 0.9.3 51.00 346.00 397.00 NOTE
r-devel-windows-x86_64-new-TK 0.9.3 NOTE
r-patched-linux-x86_64 0.9.3 3.11 226.76 229.87 OK
r-release-linux-x86_64 0.9.3 3.79 226.06 229.85 OK
r-release-macos-arm64 0.9.3 NOTE
r-release-macos-x86_64 0.9.3 NOTE
r-release-windows-ix86+x86_64 0.9.3 10.00 323.00 333.00 NOTE
r-oldrel-macos-x86_64 0.9.3 NOTE
r-oldrel-windows-ix86+x86_64 0.9.3 9.00 329.00 338.00 NOTE

Check Details

Version: 0.9.3
Check: installed package size
Result: NOTE
     installed size is 8.9Mb
     sub-directories of 1Mb or more:
     doc 7.6Mb
Flavors: r-devel-linux-x86_64-fedora-clang, r-devel-windows-x86_64-new-UL, r-release-macos-arm64, r-release-macos-x86_64, r-release-windows-ix86+x86_64, r-oldrel-macos-x86_64, r-oldrel-windows-ix86+x86_64

Version: 0.9.3
Check: data for non-ASCII characters
Result: NOTE
     Note: found 11 marked UTF-8 strings
Flavors: r-devel-linux-x86_64-fedora-clang, r-devel-linux-x86_64-fedora-gcc, r-devel-windows-x86_64-new-TK, r-release-macos-arm64, r-release-macos-x86_64, r-oldrel-macos-x86_64