CRAN Package Check Results for Package pdSpecEst

Last updated on 2022-01-25 05:54:51 CET.

Flavor Version Tinstall Tcheck Ttotal Status Flags
r-devel-linux-x86_64-debian-clang 1.2.4 95.75 93.48 189.23 NOTE
r-devel-linux-x86_64-debian-gcc 1.2.4 74.64 69.41 144.05 NOTE
r-devel-linux-x86_64-fedora-clang 1.2.4 268.58 NOTE
r-devel-linux-x86_64-fedora-gcc 1.2.4 240.22 NOTE
r-devel-windows-x86_64-new-UL 1.2.4 162.00 142.00 304.00 NOTE
r-devel-windows-x86_64-new-TK 1.2.4 NOTE
r-patched-linux-x86_64 1.2.4 84.86 90.73 175.59 NOTE
r-release-linux-x86_64 1.2.4 84.13 88.91 173.04 NOTE
r-release-macos-arm64 1.2.4 NOTE
r-release-macos-x86_64 1.2.4 NOTE
r-release-windows-ix86+x86_64 1.2.4 228.00 147.00 375.00 NOTE
r-oldrel-macos-x86_64 1.2.4 NOTE
r-oldrel-windows-ix86+x86_64 1.2.4 229.00 151.00 380.00 OK

Check Details

Version: 1.2.4
Check: LazyData
Result: NOTE
     'LazyData' is specified without a 'data' directory
Flavors: r-devel-linux-x86_64-debian-clang, r-devel-linux-x86_64-debian-gcc, r-devel-linux-x86_64-fedora-clang, r-devel-linux-x86_64-fedora-gcc, r-devel-windows-x86_64-new-UL, r-devel-windows-x86_64-new-TK, r-patched-linux-x86_64, r-release-linux-x86_64, r-release-macos-arm64, r-release-macos-x86_64, r-release-windows-ix86+x86_64

Version: 1.2.4
Check: installed package size
Result: NOTE
     installed size is 6.4Mb
     sub-directories of 1Mb or more:
     libs 5.4Mb
Flavors: r-devel-linux-x86_64-fedora-clang, r-release-macos-arm64, r-release-macos-x86_64, r-oldrel-macos-x86_64